{"id":80434,"date":"1988-01-06","date_gmt":"2020-12-20T03:51:17","guid":{"rendered":"https:\/\/generate.focolare.org\/?post_type=content&#038;p=80434"},"modified":"2021-06-15T15:19:24","modified_gmt":"2021-06-15T14:19:24","slug":"congres-gen-salutations-et-reponses-aux-questions-des-gen-garcons","status":"publish","type":"content","link":"https:\/\/generate.focolare.org\/fr\/content\/congres-gen-salutations-et-reponses-aux-questions-des-gen-garcons\/","title":{"rendered":"Congr\u00e8s Gen : Salutations et r\u00e9ponses aux questions des Gen gar\u00e7ons"},"excerpt":{"rendered":"<p>Apr\u00e8s tous les Genfest qui se sont r\u00e9alis\u00e9 dans les r\u00e9gions, Chiara rencontre les Gen gar\u00e7ons et les encourage \u00e0 montrer le monde uni, ensuite vient la parole, nous devons faire avancer l&rsquo;opinion publique. Notre arme est l&rsquo;unit\u00e9 et elle raconte aux gen une petite exp\u00e9rience sur le film de la Bible.<\/p>\n","protected":false},"featured_media":28894,"comment_status":"closed","ping_status":"closed","template":"","tags":[4167,4196,4412,4775,4863,5318],"contributor":[8558],"location":[8561],"audience":[8557],"class_list":["post-80434","content","type-content","status-publish","has-post-thumbnail","hentry","tag-creation","tag-ecologie","tag-immensite-de-dieu","tag-monde-uni","tag-obeissance","tag-unite","contributor-lubich-chiara","location-castel-gandolfo","audience-gen-2"],"acf":[],"featured_media_url":{"thumbnail":"https:\/\/generate.focolare.org\/wp-content\/uploads\/2020\/07\/818-cover-150x150.jpg","medium":"https:\/\/generate.focolare.org\/wp-content\/uploads\/2020\/07\/818-cover-300x240.jpg","medium_large":"https:\/\/generate.focolare.org\/wp-content\/uploads\/2020\/07\/818-cover.jpg","large":"https:\/\/generate.focolare.org\/wp-content\/uploads\/2020\/07\/818-cover.jpg","1536x1536":"https:\/\/generate.focolare.org\/wp-content\/uploads\/2020\/07\/818-cover.jpg","2048x2048":"https:\/\/generate.focolare.org\/wp-content\/uploads\/2020\/07\/818-cover.jpg","banner":"https:\/\/generate.focolare.org\/wp-content\/uploads\/2020\/07\/818-cover.jpg","preview":"https:\/\/generate.focolare.org\/wp-content\/uploads\/2020\/07\/818-cover-500x400.jpg","profile_24":"https:\/\/generate.focolare.org\/wp-content\/uploads\/2020\/07\/818-cover.jpg","profile_48":"https:\/\/generate.focolare.org\/wp-content\/uploads\/2020\/07\/818-cover.jpg","profile_96":"https:\/\/generate.focolare.org\/wp-content\/uploads\/2020\/07\/818-cover.jpg","profile_150":"https:\/\/generate.focolare.org\/wp-content\/uploads\/2020\/07\/818-cover.jpg","profile_300":"https:\/\/generate.focolare.org\/wp-content\/uploads\/2020\/07\/818-cover.jpg"},"related":[20995,1956,19787,8544,21696,2587],"wpml_current_locale":"fr_FR","wpml_translations":[{"locale":"en_US","id":80438,"post_title":"Gen Congress: Greeting and answers to the questions from the Gen","href":"https:\/\/generate.focolare.org\/en\/gen-congress-greeting-and-answers-to-the-questions-from-the-gen\/"},{"locale":"it_IT","id":818,"post_title":"Congresso Gen: Saluto e risposte alle domande dei Gen","href":"https:\/\/generate.focolare.org\/it\/congresso-gen-saluto-e-risposte-alle-domande-dei-gen\/"},{"locale":"es_ES","id":80440,"post_title":"Congreso de Gen: Saludos y respuestas a las preguntas de los Gen","href":"https:\/\/generate.focolare.org\/es\/congreso-de-gen-saludos-y-respuestas-a-las-preguntas-de-los-gen\/"},{"locale":"pt_PT","id":80439,"post_title":"Congresso Gen: Sauda\u00e7\u00e3o e respontas as perguntas dos Gen","href":"https:\/\/generate.focolare.org\/pt-pt\/congresso-gen-saudacao-e-respontas-as-perguntas-dos-gen\/"},{"locale":"ar","id":80437,"post_title":"\u0645\u0624\u062a\u0645\u0631 \u0627\u0644\u062f\u062c\u0646: \u062a\u062d\u064a\u0651\u0629 \u0648\u0623\u062c\u0648\u0628\u0629 \u0639\u0644\u0649 \u0623\u0633\u0626\u0644\u0629 \u0627\u0644\u062f\u062c\u0646","href":"https:\/\/generate.focolare.org\/ar\/gen-congress-greeting-and-answers-to-the-questions-from-the-gen-ar\/"},{"locale":"nl_NL","id":80435,"post_title":"Gencongres: Groet en antwoorden op de vragen van de Gen","href":"https:\/\/generate.focolare.org\/nl\/gencongres-groet-en-antwoorden-op-de-vragen-van-de-gen\/"},{"locale":"sl_SI","id":80436,"post_title":"Kongres gen: Pozdrav in odgovori na vpra\u0161anja gen","href":"https:\/\/generate.focolare.org\/sl\/kongres-gen-pozdrav-in-odgovori-na-vprasanja-gen\/"}],"link_to_transcription":true,"format":"video","length":"19","transcriptions":[{"language":"fr","file":{"ID":819,"id":819,"title":"gen-46-text-fr","filename":"gen-46-text-fr.pdf","filesize":107219,"url":"https:\/\/generate.focolare.org\/wp-content\/uploads\/2020\/06\/gen-46-text-fr.pdf","link":"https:\/\/generate.focolare.org\/fr\/content\/congresso-gen-saluto-e-risposte-alle-domande-dei-gen\/gen-46-text-fr\/","alt":"","author":"1","description":"","caption":"","name":"gen-46-text-fr","status":"inherit","uploaded_to":818,"date":"2020-06-02 17:44:07","modified":"2020-06-02 17:44:08","menu_order":0,"mime_type":"application\/pdf","type":"application","subtype":"pdf","icon":"https:\/\/generate.focolare.org\/wp-includes\/images\/media\/document.png"}},{"language":"nl","file":{"ID":117327,"id":117327,"title":"gen-46-text-nl","filename":"gen-46-text-nl.pdf","filesize":31318,"url":"https:\/\/generate.focolare.org\/wp-content\/uploads\/2020\/06\/gen-46-text-nl.pdf","link":"https:\/\/generate.focolare.org\/fr\/content\/congres-gen-salutations-et-reponses-aux-questions-des-gen-garcons\/gen-46-text-nl\/","alt":"","author":"1","description":"","caption":"","name":"gen-46-text-nl","status":"inherit","uploaded_to":80434,"date":"2020-06-02 17:44:07","modified":"2020-06-02 17:44:07","menu_order":0,"mime_type":"application\/pdf","type":"application","subtype":"pdf","icon":"https:\/\/generate.focolare.org\/wp-includes\/images\/media\/document.png"}},{"language":"sl","file":{"ID":117328,"id":117328,"title":"gen-46-text-sl","filename":"gen-46-text-sl.pdf","filesize":216712,"url":"https:\/\/generate.focolare.org\/wp-content\/uploads\/2020\/06\/gen-46-text-sl.pdf","link":"https:\/\/generate.focolare.org\/fr\/content\/congres-gen-salutations-et-reponses-aux-questions-des-gen-garcons\/gen-46-text-sl\/","alt":"","author":"1","description":"","caption":"","name":"gen-46-text-sl","status":"inherit","uploaded_to":80434,"date":"2020-06-02 17:44:07","modified":"2020-06-02 17:44:07","menu_order":0,"mime_type":"application\/pdf","type":"application","subtype":"pdf","icon":"https:\/\/generate.focolare.org\/wp-includes\/images\/media\/document.png"}},{"language":"ar","file":{"ID":117329,"id":117329,"title":"gen-46-text-ar","filename":"gen-46-text-ar.pdf","filesize":163525,"url":"https:\/\/generate.focolare.org\/wp-content\/uploads\/2020\/06\/gen-46-text-ar.pdf","link":"https:\/\/generate.focolare.org\/fr\/content\/congres-gen-salutations-et-reponses-aux-questions-des-gen-garcons\/gen-46-text-ar\/","alt":"","author":"1","description":"","caption":"","name":"gen-46-text-ar","status":"inherit","uploaded_to":80434,"date":"2020-06-02 17:44:07","modified":"2020-06-02 17:44:07","menu_order":0,"mime_type":"application\/pdf","type":"application","subtype":"pdf","icon":"https:\/\/generate.focolare.org\/wp-includes\/images\/media\/document.png"}},{"language":"en","file":{"ID":117330,"id":117330,"title":"gen-46-text-en","filename":"gen-46-text-en.pdf","filesize":81810,"url":"https:\/\/generate.focolare.org\/wp-content\/uploads\/2020\/06\/gen-46-text-en.pdf","link":"https:\/\/generate.focolare.org\/fr\/content\/congres-gen-salutations-et-reponses-aux-questions-des-gen-garcons\/gen-46-text-en\/","alt":"","author":"1","description":"","caption":"","name":"gen-46-text-en","status":"inherit","uploaded_to":80434,"date":"2020-06-02 17:44:08","modified":"2020-06-02 17:44:08","menu_order":0,"mime_type":"application\/pdf","type":"application","subtype":"pdf","icon":"https:\/\/generate.focolare.org\/wp-includes\/images\/media\/document.png"}},{"language":"it","file":{"ID":117331,"id":117331,"title":"gen-46-text-it","filename":"gen-46-text-it.pdf","filesize":164233,"url":"https:\/\/generate.focolare.org\/wp-content\/uploads\/2020\/06\/gen-46-text-it.pdf","link":"https:\/\/generate.focolare.org\/fr\/content\/congres-gen-salutations-et-reponses-aux-questions-des-gen-garcons\/gen-46-text-it\/","alt":"","author":"1","description":"","caption":"","name":"gen-46-text-it","status":"inherit","uploaded_to":80434,"date":"2020-06-02 17:44:08","modified":"2020-06-02 17:44:08","menu_order":0,"mime_type":"application\/pdf","type":"application","subtype":"pdf","icon":"https:\/\/generate.focolare.org\/wp-includes\/images\/media\/document.png"}},{"language":"pt-pt","file":{"ID":851,"id":851,"title":"gen-46-text-pt","filename":"gen-46-text-pt.pdf","filesize":144377,"url":"https:\/\/generate.focolare.org\/wp-content\/uploads\/2020\/06\/gen-46-text-pt.pdf","link":"https:\/\/generate.focolare.org\/fr\/content\/congres-gen-salutations-et-reponses-aux-questions-des-gen-garcons\/gen-46-text-pt-2\/","alt":"","author":"1","description":"","caption":"","name":"gen-46-text-pt-2","status":"inherit","uploaded_to":80434,"date":"2020-06-02 17:44:08","modified":"2021-06-15 14:19:25","menu_order":0,"mime_type":"application\/pdf","type":"application","subtype":"pdf","icon":"https:\/\/generate.focolare.org\/wp-includes\/images\/media\/document.png"}},{"language":"es","file":{"ID":117332,"id":117332,"title":"gen-46-text-es","filename":"gen-46-text-es.pdf","filesize":126634,"url":"https:\/\/generate.focolare.org\/wp-content\/uploads\/2020\/06\/gen-46-text-es.pdf","link":"https:\/\/generate.focolare.org\/fr\/content\/congres-gen-salutations-et-reponses-aux-questions-des-gen-garcons\/gen-46-text-es\/","alt":"","author":"1","description":"","caption":"","name":"gen-46-text-es","status":"inherit","uploaded_to":80434,"date":"2020-06-02 17:44:08","modified":"2020-06-02 17:44:08","menu_order":0,"mime_type":"application\/pdf","type":"application","subtype":"pdf","icon":"https:\/\/generate.focolare.org\/wp-includes\/images\/media\/document.png"}}],"restrict_roles":null,"source":{"ID":117326,"id":117326,"title":"gen-46-video-it","filename":"gen-46-video-it.mp4","filesize":214032959,"url":"https:\/\/generate.focolare.org\/wp-content\/uploads\/2020\/06\/gen-46-video-it.mp4","link":"https:\/\/generate.focolare.org\/fr\/content\/congres-gen-salutations-et-reponses-aux-questions-des-gen-garcons\/gen-46-video-it\/","alt":"","author":"1","description":"","caption":"","name":"gen-46-video-it","status":"inherit","uploaded_to":80434,"date":"2020-06-02 17:44:06","modified":"2020-06-02 17:44:06","menu_order":0,"mime_type":"video\/mp4","type":"video","subtype":"mp4","icon":"https:\/\/generate.focolare.org\/wp-includes\/images\/media\/video.png","width":720,"height":576},"_links":{"self":[{"href":"https:\/\/generate.focolare.org\/fr\/wp-json\/wp\/v2\/content\/80434","targetHints":{"allow":["GET"]}}],"collection":[{"href":"https:\/\/generate.focolare.org\/fr\/wp-json\/wp\/v2\/content"}],"about":[{"href":"https:\/\/generate.focolare.org\/fr\/wp-json\/wp\/v2\/types\/content"}],"replies":[{"embeddable":true,"href":"https:\/\/generate.focolare.org\/fr\/wp-json\/wp\/v2\/comments?post=80434"}],"wp:featuredmedia":[{"embeddable":true,"href":"https:\/\/generate.focolare.org\/fr\/wp-json\/wp\/v2\/media\/28894"}],"wp:attachment":[{"href":"https:\/\/generate.focolare.org\/fr\/wp-json\/wp\/v2\/media?parent=80434"}],"wp:term":[{"taxonomy":"post_tag","embeddable":true,"href":"https:\/\/generate.focolare.org\/fr\/wp-json\/wp\/v2\/tags?post=80434"},{"taxonomy":"contributor","embeddable":true,"href":"https:\/\/generate.focolare.org\/fr\/wp-json\/wp\/v2\/contributor?post=80434"},{"taxonomy":"location","embeddable":true,"href":"https:\/\/generate.focolare.org\/fr\/wp-json\/wp\/v2\/location?post=80434"},{"taxonomy":"audience","embeddable":true,"href":"https:\/\/generate.focolare.org\/fr\/wp-json\/wp\/v2\/audience?post=80434"}],"curies":[{"name":"wp","href":"https:\/\/api.w.org\/{rel}","templated":true}]}}

Congrès Gen : Salutations et réponses aux questions des Gen garçons

<p>Après tous les Genfest qui se sont réalisé dans les régions, Chiara rencontre les Gen garçons et les encourage à montrer le monde uni, ensuite vient la parole, nous devons faire avancer l&rsquo;opinion publique. Notre arme est l&rsquo;unité et elle raconte aux gen une petite expérience sur le film de la Bible.</p>

Congresso Gen: Saudação e respontas as perguntas dos Gen

مؤتمر الدجن: تحيّة وأجوبة على أسئلة الدجن

Kongres gen: Pozdrav in odgovori na vprašanja gen
