{"id":80303,"date":"1999-01-02","date_gmt":"2020-12-20T03:51:43","guid":{"rendered":"https:\/\/generate.focolare.org\/?post_type=content&#038;p=80303"},"modified":"2020-12-20T04:51:54","modified_gmt":"2020-12-20T03:51:54","slug":"chiara-reponds-aux-questions-des-gen-loppiano","status":"publish","type":"content","link":"https:\/\/generate.focolare.org\/fr\/content\/chiara-reponds-aux-questions-des-gen-loppiano\/","title":{"rendered":"Chiara r\u00e9ponds aux questions des Gen &#8211; Loppiano"},"excerpt":{"rendered":"<p>Comment communiquer l&rsquo;Id\u00e9al aux nombreux jeunes qui viennent \u00e0 Loppiano. Un clin d&rsquo;\u0153il \u00e0 l&rsquo;histoire de Graziella De Luca. Exp\u00e9riences de Chiara avec J\u00e9sus abandonn\u00e9 &#8211; Fontem. Th\u00e8mes de l&rsquo;\u00e9cole Abb\u00e0 et de l&rsquo;exp\u00e9rience de Chiara, 50 ans apr\u00e8s l&rsquo;exp\u00e9rience de 1949. Les Gen et l&rsquo;Economie de Communion.<\/p>\n","protected":false},"featured_media":30957,"comment_status":"closed","ping_status":"closed","template":"","tags":[4296,4198,4451,4446],"contributor":[8558],"location":[8592],"audience":[8557],"class_list":["post-80303","content","type-content","status-publish","has-post-thumbnail","hentry","tag-ecole-abba","tag-economie-de-communion","tag-jesus-abandonne","tag-rayonner","contributor-lubich-chiara","location-loppiano-mariapolis-renata","audience-gen-2"],"acf":[],"featured_media_url":{"thumbnail":"https:\/\/generate.focolare.org\/wp-content\/uploads\/2020\/07\/19924-cover-150x150.jpg","medium":"https:\/\/generate.focolare.org\/wp-content\/uploads\/2020\/07\/19924-cover-300x240.jpg","medium_large":"https:\/\/generate.focolare.org\/wp-content\/uploads\/2020\/07\/19924-cover.jpg","large":"https:\/\/generate.focolare.org\/wp-content\/uploads\/2020\/07\/19924-cover.jpg","1536x1536":"https:\/\/generate.focolare.org\/wp-content\/uploads\/2020\/07\/19924-cover.jpg","2048x2048":"https:\/\/generate.focolare.org\/wp-content\/uploads\/2020\/07\/19924-cover.jpg","banner":"https:\/\/generate.focolare.org\/wp-content\/uploads\/2020\/07\/19924-cover.jpg","preview":"https:\/\/generate.focolare.org\/wp-content\/uploads\/2020\/07\/19924-cover-500x400.jpg","profile_24":"https:\/\/generate.focolare.org\/wp-content\/uploads\/2020\/07\/19924-cover.jpg","profile_48":"https:\/\/generate.focolare.org\/wp-content\/uploads\/2020\/07\/19924-cover.jpg","profile_96":"https:\/\/generate.focolare.org\/wp-content\/uploads\/2020\/07\/19924-cover.jpg","profile_150":"https:\/\/generate.focolare.org\/wp-content\/uploads\/2020\/07\/19924-cover.jpg","profile_300":"https:\/\/generate.focolare.org\/wp-content\/uploads\/2020\/07\/19924-cover.jpg"},"related":[20995,1956,80434,20391,19787,36604],"wpml_current_locale":"fr_FR","wpml_translations":[{"locale":"en_US","id":116769,"post_title":"Chiara answers the questions from the Gen - Loppiano","href":"https:\/\/generate.focolare.org\/en\/116769\/"},{"locale":"it_IT","id":19924,"post_title":"Chiara alle domande dei Gen - Loppiano","href":"https:\/\/generate.focolare.org\/it\/chiara-alle-domande-dei-gen-loppiano\/"},{"locale":"es_ES","id":80305,"post_title":"Chiara a las preguntas de los Gen - Loppiano","href":"https:\/\/generate.focolare.org\/es\/chiara-a-las-preguntas-de-los-gen-loppiano\/"},{"locale":"pt_PT","id":80304,"post_title":"Chiara responde as perguntas dos Gen - Loppiano","href":"https:\/\/generate.focolare.org\/pt-pt\/chiara-responde-as-perguntas-dos-gen-loppiano\/"},{"locale":"ar","id":80306,"post_title":"\u0643\u064a\u0627\u0631\u0627 \u062a\u062c\u064a\u0628 \u0639\u0644\u0649 \u0623\u0633\u0626\u0644\u0629 \u0627\u0644\u062f\u062c\u0646- \u0644\u0648\u0628\u064a\u0627\u0646\u0648","href":"https:\/\/generate.focolare.org\/ar\/chiara-alle-domande-dei-gen-loppiano-ar\/"},{"locale":"nl_NL","id":80308,"post_title":"Chiara beantwoord de vragen van de Gen - Loppiano","href":"https:\/\/generate.focolare.org\/nl\/chiara-beantwoord-de-vragen-van-de-gen-loppiano\/"},{"locale":"de_DE","id":80302,"post_title":"Fragen und Antworten bei den Gen von Loppiano","href":"https:\/\/generate.focolare.org\/de\/fragen-und-antworten-bei-den-gen-von-loppiano\/"},{"locale":"ko_KR","id":80307,"post_title":"\ub85c\uc090\uc544\ub178\uc5d0\uc11c \ub0a8\uc790\uc820\ub4e4\uc758 \uc9c8\ubb38\uc5d0 \ub300\ud55c \ub07c\uc544\ub77c\uc758 \ub2f5\ubcc0","href":"https:\/\/generate.focolare.org\/ko\/chiara-alle-domande-dei-gen-loppiano-ko\/"}],"link_to_transcription":true,"format":"video","length":"52","transcriptions":[{"language":"de","file":{"ID":41270,"id":41270,"title":"Antwort auf 4 Fragen - Gen-Schule der Jungen - de","filename":"Antwort-auf-4-Fragen-Gen-Schule-der-Jungen-de.pdf","filesize":279994,"url":"https:\/\/generate.focolare.org\/wp-content\/uploads\/2020\/07\/Antwort-auf-4-Fragen-Gen-Schule-der-Jungen-de.pdf","link":"https:\/\/generate.focolare.org\/fr\/antwort-auf-4-fragen-gen-schule-der-jungen-de-2\/","alt":"","author":"7","description":"","caption":"","name":"antwort-auf-4-fragen-gen-schule-der-jungen-de-2","status":"inherit","uploaded_to":0,"date":"2020-10-08 07:53:14","modified":"2020-10-08 07:53:14","menu_order":0,"mime_type":"application\/pdf","type":"application","subtype":"pdf","icon":"https:\/\/generate.focolare.org\/wp-includes\/images\/media\/document.png"}},{"language":"en","file":{"ID":41287,"id":41287,"title":"Chiara to the school of the Gen boys Answers to four questions - ing","filename":"Chiara-to-the-school-of-the-Gen-boys-Answers-to-four-questions-ing.pdf","filesize":125367,"url":"https:\/\/generate.focolare.org\/wp-content\/uploads\/2020\/07\/Chiara-to-the-school-of-the-Gen-boys-Answers-to-four-questions-ing.pdf","link":"https:\/\/generate.focolare.org\/fr\/chiara-to-the-school-of-the-gen-boys-answers-to-four-questions-ing-2\/","alt":"","author":"7","description":"","caption":"","name":"chiara-to-the-school-of-the-gen-boys-answers-to-four-questions-ing-2","status":"inherit","uploaded_to":0,"date":"2020-10-08 07:53:21","modified":"2020-10-08 07:53:21","menu_order":0,"mime_type":"application\/pdf","type":"application","subtype":"pdf","icon":"https:\/\/generate.focolare.org\/wp-includes\/images\/media\/document.png"}},{"language":"fr","file":{"ID":41304,"id":41304,"title":"R\u00e9ponses aux questions des Gen gar\u00e7ons - fr","filename":"Reponses-aux-questions-des-Gen-garcons-fr.pdf","filesize":273949,"url":"https:\/\/generate.focolare.org\/wp-content\/uploads\/2020\/07\/Reponses-aux-questions-des-Gen-garcons-fr.pdf","link":"https:\/\/generate.focolare.org\/fr\/reponses-aux-questions-des-gen-garcons-fr-2\/","alt":"","author":"7","description":"","caption":"","name":"reponses-aux-questions-des-gen-garcons-fr-2","status":"inherit","uploaded_to":0,"date":"2020-10-08 07:53:26","modified":"2020-10-08 07:53:26","menu_order":0,"mime_type":"application\/pdf","type":"application","subtype":"pdf","icon":"https:\/\/generate.focolare.org\/wp-includes\/images\/media\/document.png"}},{"language":"pt-pt","file":{"ID":41321,"id":41321,"title":"Respostas \u00e0s perguntas dos gen - pt","filename":"Respostas-as-perguntas-dos-gen-pt.pdf","filesize":219680,"url":"https:\/\/generate.focolare.org\/wp-content\/uploads\/2020\/07\/Respostas-as-perguntas-dos-gen-pt.pdf","link":"https:\/\/generate.focolare.org\/fr\/respostas-as-perguntas-dos-gen-pt-2-2\/","alt":"","author":"7","description":"","caption":"","name":"respostas-as-perguntas-dos-gen-pt-2-2","status":"inherit","uploaded_to":0,"date":"2020-10-08 07:53:32","modified":"2020-10-08 07:53:32","menu_order":0,"mime_type":"application\/pdf","type":"application","subtype":"pdf","icon":"https:\/\/generate.focolare.org\/wp-includes\/images\/media\/document.png"}},{"language":"es","file":{"ID":41338,"id":41338,"title":"Respuestas a las preguntas de los gen - sp","filename":"Respuestas-a-las-preguntas-de-los-gen-sp.pdf","filesize":109224,"url":"https:\/\/generate.focolare.org\/wp-content\/uploads\/2020\/07\/Respuestas-a-las-preguntas-de-los-gen-sp.pdf","link":"https:\/\/generate.focolare.org\/fr\/respuestas-a-las-preguntas-de-los-gen-sp-2\/","alt":"","author":"7","description":"","caption":"","name":"respuestas-a-las-preguntas-de-los-gen-sp-2","status":"inherit","uploaded_to":0,"date":"2020-10-08 07:53:36","modified":"2020-10-08 07:53:36","menu_order":0,"mime_type":"application\/pdf","type":"application","subtype":"pdf","icon":"https:\/\/generate.focolare.org\/wp-includes\/images\/media\/document.png"}},{"language":"it","file":{"ID":41355,"id":41355,"title":"Risposte a 4 domande - it","filename":"Risposte-a-4-domande-it.pdf","filesize":196665,"url":"https:\/\/generate.focolare.org\/wp-content\/uploads\/2020\/07\/Risposte-a-4-domande-it.pdf","link":"https:\/\/generate.focolare.org\/fr\/risposte-a-4-domande-it-2\/","alt":"","author":"7","description":"","caption":"","name":"risposte-a-4-domande-it-2","status":"inherit","uploaded_to":0,"date":"2020-10-08 07:53:41","modified":"2020-10-08 07:53:41","menu_order":0,"mime_type":"application\/pdf","type":"application","subtype":"pdf","icon":"https:\/\/generate.focolare.org\/wp-includes\/images\/media\/document.png"}},{"language":"ar","file":{"ID":62934,"id":62934,"title":"19990102 - Scuola dei Gen - Arabo","filename":"19990102-Scuola-dei-Gen-Arabo.pdf","filesize":216051,"url":"https:\/\/generate.focolare.org\/wp-content\/uploads\/2020\/07\/19990102-Scuola-dei-Gen-Arabo.pdf","link":"https:\/\/generate.focolare.org\/fr\/19990102-scuola-dei-gen-arabo-2\/","alt":"","author":"6","description":"","caption":"","name":"19990102-scuola-dei-gen-arabo-2","status":"inherit","uploaded_to":0,"date":"2020-10-24 17:19:09","modified":"2020-10-24 17:19:09","menu_order":0,"mime_type":"application\/pdf","type":"application","subtype":"pdf","icon":"https:\/\/generate.focolare.org\/wp-includes\/images\/media\/document.png"}},{"language":"ko","file":{"ID":62951,"id":62951,"title":"19990102 - Scuola dei Gen - Coreano","filename":"19990102-Scuola-dei-Gen-Coreano.pdf","filesize":264479,"url":"https:\/\/generate.focolare.org\/wp-content\/uploads\/2020\/07\/19990102-Scuola-dei-Gen-Coreano.pdf","link":"https:\/\/generate.focolare.org\/fr\/19990102-scuola-dei-gen-coreano-2\/","alt":"","author":"6","description":"","caption":"","name":"19990102-scuola-dei-gen-coreano-2","status":"inherit","uploaded_to":0,"date":"2020-10-24 17:19:25","modified":"2020-10-24 17:19:25","menu_order":0,"mime_type":"application\/pdf","type":"application","subtype":"pdf","icon":"https:\/\/generate.focolare.org\/wp-includes\/images\/media\/document.png"}},{"language":"nl","file":{"ID":62968,"id":62968,"title":"19990102- Scuola dei Gen - Olandese","filename":"19990102-Scuola-dei-Gen-Olandese.pdf","filesize":264784,"url":"https:\/\/generate.focolare.org\/wp-content\/uploads\/2020\/07\/19990102-Scuola-dei-Gen-Olandese.pdf","link":"https:\/\/generate.focolare.org\/fr\/19990102-scuola-dei-gen-olandese-2\/","alt":"","author":"6","description":"","caption":"","name":"19990102-scuola-dei-gen-olandese-2","status":"inherit","uploaded_to":0,"date":"2020-10-24 17:19:44","modified":"2020-10-24 17:19:44","menu_order":0,"mime_type":"application\/pdf","type":"application","subtype":"pdf","icon":"https:\/\/generate.focolare.org\/wp-includes\/images\/media\/document.png"}}],"restrict_roles":null,"source":{"ID":19929,"id":19929,"title":"csc-1328m-video","filename":"csc-1328m-video.mp4","filesize":836142191,"url":"https:\/\/generate.focolare.org\/wp-content\/uploads\/2020\/07\/csc-1328m-video.mp4.hsl\/index.m3u8","link":"https:\/\/generate.focolare.org\/fr\/csc-1328m-video-2\/","alt":"","author":"0","description":"","caption":"","name":"csc-1328m-video-2","status":"inherit","uploaded_to":0,"date":"2020-07-04 11:45:02","modified":"2020-07-04 11:45:02","menu_order":0,"mime_type":"application\/x-mpegURL","type":"video","subtype":"mp4","icon":"https:\/\/generate.focolare.org\/wp-includes\/images\/media\/video.png","width":720,"height":576},"_links":{"self":[{"href":"https:\/\/generate.focolare.org\/fr\/wp-json\/wp\/v2\/content\/80303","targetHints":{"allow":["GET"]}}],"collection":[{"href":"https:\/\/generate.focolare.org\/fr\/wp-json\/wp\/v2\/content"}],"about":[{"href":"https:\/\/generate.focolare.org\/fr\/wp-json\/wp\/v2\/types\/content"}],"replies":[{"embeddable":true,"href":"https:\/\/generate.focolare.org\/fr\/wp-json\/wp\/v2\/comments?post=80303"}],"wp:featuredmedia":[{"embeddable":true,"href":"https:\/\/generate.focolare.org\/fr\/wp-json\/wp\/v2\/media\/30957"}],"wp:attachment":[{"href":"https:\/\/generate.focolare.org\/fr\/wp-json\/wp\/v2\/media?parent=80303"}],"wp:term":[{"taxonomy":"post_tag","embeddable":true,"href":"https:\/\/generate.focolare.org\/fr\/wp-json\/wp\/v2\/tags?post=80303"},{"taxonomy":"contributor","embeddable":true,"href":"https:\/\/generate.focolare.org\/fr\/wp-json\/wp\/v2\/contributor?post=80303"},{"taxonomy":"location","embeddable":true,"href":"https:\/\/generate.focolare.org\/fr\/wp-json\/wp\/v2\/location?post=80303"},{"taxonomy":"audience","embeddable":true,"href":"https:\/\/generate.focolare.org\/fr\/wp-json\/wp\/v2\/audience?post=80303"}],"curies":[{"name":"wp","href":"https:\/\/api.w.org\/{rel}","templated":true}]}}

Chiara réponds aux questions des Gen &#8211; Loppiano

<p>Comment communiquer l&rsquo;Idéal aux nombreux jeunes qui viennent à Loppiano. Un clin d&rsquo;œil à l&rsquo;histoire de Graziella De Luca. Expériences de Chiara avec Jésus abandonné &#8211; Fontem. Thèmes de l&rsquo;école Abbà et de l&rsquo;expérience de Chiara, 50 ans après l&rsquo;expérience de 1949. Les Gen et l&rsquo;Economie de Communion.</p>

كيارا تجيب على أسئلة الدجن- لوبيانو

로삐아노에서 남자젠들의 질문에 대한 끼아라의 답변

Réponses aux questions des Gen garçons - fr

Respostas às perguntas dos gen - pt
