{"id":80211,"date":"1974-12-31","date_gmt":"2020-12-20T03:51:48","guid":{"rendered":"https:\/\/generate.focolare.org\/?post_type=content&#038;p=80211"},"modified":"2021-06-15T11:13:01","modified_gmt":"2021-06-15T10:13:01","slug":"chiara-et-don-foresi-reponses-aux-dirigeants-gen","status":"publish","type":"content","link":"https:\/\/generate.focolare.org\/fr\/content\/chiara-et-don-foresi-reponses-aux-dirigeants-gen\/","title":{"rendered":"Chiara et Don Foresi : R\u00e9ponses aux dirigeants Gen."},"excerpt":{"rendered":"<p>La virginit\u00e9, l&rsquo;exp\u00e9rience de Chiara ; Foco et les focolarini mari\u00e9s. Dans l&rsquo;organisation du Mouvement Gen, la vie trinitaire est v\u00e9cue. \u00c9couter cette voix ; participer \u00e0 la vie de Marie. L&rsquo;art nouveau ; en J\u00e9sus, c&rsquo;est toute la philosophie. Une nouvelle sociologie n\u00e9e de l&rsquo;Id\u00e9al.<\/p>\n","protected":false},"featured_media":105799,"comment_status":"closed","ping_status":"closed","template":"","tags":[3867,4272,3846,4329,5362],"contributor":[10432,8558],"location":[8566],"audience":[8570],"class_list":["post-80211","content","type-content","status-publish","has-post-thumbnail","hentry","tag-art","tag-blanc-fr","tag-marie","tag-philosophies","tag-virginite","contributor-foresi-pasquale-chiaretto","contributor-lubich-chiara","location-rocca-di-papa","audience-dirigeants"],"acf":[],"featured_media_url":{"thumbnail":"https:\/\/generate.focolare.org\/wp-content\/uploads\/2021\/01\/17-1-150x150.jpg","medium":"https:\/\/generate.focolare.org\/wp-content\/uploads\/2021\/01\/17-1-300x203.jpg","medium_large":"https:\/\/generate.focolare.org\/wp-content\/uploads\/2021\/01\/17-1-768x519.jpg","large":"https:\/\/generate.focolare.org\/wp-content\/uploads\/2021\/01\/17-1.jpg","1536x1536":"https:\/\/generate.focolare.org\/wp-content\/uploads\/2021\/01\/17-1.jpg","2048x2048":"https:\/\/generate.focolare.org\/wp-content\/uploads\/2021\/01\/17-1.jpg","banner":"https:\/\/generate.focolare.org\/wp-content\/uploads\/2021\/01\/17-1.jpg","preview":"https:\/\/generate.focolare.org\/wp-content\/uploads\/2021\/01\/17-1-500x400.jpg","profile_24":"https:\/\/generate.focolare.org\/wp-content\/uploads\/2021\/01\/17-1.jpg","profile_48":"https:\/\/generate.focolare.org\/wp-content\/uploads\/2021\/01\/17-1.jpg","profile_96":"https:\/\/generate.focolare.org\/wp-content\/uploads\/2021\/01\/17-1.jpg","profile_150":"https:\/\/generate.focolare.org\/wp-content\/uploads\/2021\/01\/17-1.jpg","profile_300":"https:\/\/generate.focolare.org\/wp-content\/uploads\/2021\/01\/17-1.jpg"},"related":[20995,1956,80434,79967,80101,19787],"wpml_current_locale":"fr_FR","wpml_translations":[{"locale":"en_US","id":80212,"post_title":"Chiara and Don Foresi:Answers to the Gen leaders","href":"https:\/\/generate.focolare.org\/en\/chiara-and-don-foresianswers-to-the-gen-leaders\/"},{"locale":"it_IT","id":34519,"post_title":"Chiara e Don Foresi: Risposte Ai Dirigenti Gen","href":"https:\/\/generate.focolare.org\/it\/chiara-e-don-foresi-risposte-ai-dirigenti-gen\/"},{"locale":"es_ES","id":80210,"post_title":"Chiara y Don Foresi: Respuestas a los dirigentes Gen","href":"https:\/\/generate.focolare.org\/es\/chiara-y-don-foresi-respuestas-a-los-dirigentes-gen\/"},{"locale":"pt_PT","id":130325,"post_title":"Chiara e Padre Foresi aos dirigentes gen: perguntas e respostas","href":"https:\/\/generate.focolare.org\/pt-pt\/chiara-e-padre-foresi-aos-dirigentes-gen-perguntas-e-respostas\/"}],"link_to_transcription":true,"length":"62","source":{"ID":113285,"id":113285,"title":"SCM-VD-19741231-0106Mcopy","filename":"SCM-VD-19741231-0106Mcopy.mp4","filesize":985500080,"url":"https:\/\/generate.focolare.org\/wp-content\/uploads\/2020\/09\/SCM-VD-19741231-0106Mcopy.mp4.hsl\/index.m3u8","link":"https:\/\/generate.focolare.org\/fr\/content\/chiara-et-don-foresi-reponses-aux-dirigeants-gen\/scm-vd-19741231-0106mcopy-2\/","alt":"","author":"38","description":"","caption":"","name":"scm-vd-19741231-0106mcopy-2","status":"inherit","uploaded_to":80211,"date":"2021-05-17 06:22:33","modified":"2021-05-17 06:22:33","menu_order":0,"mime_type":"application\/x-mpegURL","type":"video","subtype":"mp4","icon":"https:\/\/generate.focolare.org\/wp-includes\/images\/media\/video.png","width":720,"height":576},"restrict_roles":null,"format":"video","transcriptions":[{"language":"it","file":{"ID":34592,"id":34592,"title":"1047877-text-it","filename":"1047877-text-it.pdf","filesize":222079,"url":"https:\/\/generate.focolare.org\/wp-content\/uploads\/2020\/08\/1047877-text-it.pdf","link":"https:\/\/generate.focolare.org\/fr\/content\/chiara-et-don-foresi-reponses-aux-dirigeants-gen\/1047877-text-it-2\/","alt":"","author":"0","description":"","caption":"","name":"1047877-text-it-2","status":"inherit","uploaded_to":80211,"date":"2020-08-26 15:14:56","modified":"2021-06-15 10:13:02","menu_order":0,"mime_type":"application\/pdf","type":"application","subtype":"pdf","icon":"https:\/\/generate.focolare.org\/wp-includes\/images\/media\/document.png"}},{"language":"en","file":{"ID":274149,"id":274149,"title":"GMU-G2-Chiara and Father Foresi _ Answers to 11 questions_ 19741231","filename":"GMU-G2-Chiara-and-Father-Foresi-_-Answers-to-11-questions_-19741231.pdf","filesize":593857,"url":"https:\/\/generate.focolare.org\/wp-content\/uploads\/2020\/09\/GMU-G2-Chiara-and-Father-Foresi-_-Answers-to-11-questions_-19741231.pdf","link":"https:\/\/generate.focolare.org\/fr\/content\/chiara-et-don-foresi-reponses-aux-dirigeants-gen\/gmu-g2-chiara-and-father-foresi-_-answers-to-11-questions_-19741231-2\/","alt":"","author":"1461","description":"","caption":"","name":"gmu-g2-chiara-and-father-foresi-_-answers-to-11-questions_-19741231-2","status":"inherit","uploaded_to":80211,"date":"2022-10-13 14:32:15","modified":"2022-10-13 14:32:15","menu_order":0,"mime_type":"application\/pdf","type":"application","subtype":"pdf","icon":"https:\/\/generate.focolare.org\/wp-includes\/images\/media\/document.png"}},{"language":"pt-pt","file":{"ID":130312,"id":130312,"title":"19741231-Risposte Dirigenti Gen Portoghese","filename":"19741231-Risposte-Dirigenti-Gen-Portoghese.pdf","filesize":159878,"url":"https:\/\/generate.focolare.org\/wp-content\/uploads\/2020\/09\/19741231-Risposte-Dirigenti-Gen-Portoghese.pdf","link":"https:\/\/generate.focolare.org\/fr\/content\/chiara-et-don-foresi-reponses-aux-dirigeants-gen\/19741231-risposte-dirigenti-gen-portoghese-2\/","alt":"","author":"22","description":"","caption":"","name":"19741231-risposte-dirigenti-gen-portoghese-2","status":"inherit","uploaded_to":80211,"date":"2022-02-12 17:45:14","modified":"2022-02-12 17:45:14","menu_order":0,"mime_type":"application\/pdf","type":"application","subtype":"pdf","icon":"https:\/\/generate.focolare.org\/wp-includes\/images\/media\/document.png"}},{"language":"es","file":{"ID":34541,"id":34541,"title":"1047877-text-es","filename":"1047877-text-es.pdf","filesize":163563,"url":"https:\/\/generate.focolare.org\/wp-content\/uploads\/2020\/08\/1047877-text-es.pdf","link":"https:\/\/generate.focolare.org\/fr\/content\/chiara-et-don-foresi-reponses-aux-dirigeants-gen\/1047877-text-es-2\/","alt":"","author":"0","description":"","caption":"","name":"1047877-text-es-2","status":"inherit","uploaded_to":80211,"date":"2020-08-26 15:14:46","modified":"2021-06-15 10:13:01","menu_order":0,"mime_type":"application\/pdf","type":"application","subtype":"pdf","icon":"https:\/\/generate.focolare.org\/wp-includes\/images\/media\/document.png"}},{"language":"fr","file":{"ID":34626,"id":34626,"title":"1047877-text-fr","filename":"1047877-text-fr.pdf","filesize":155676,"url":"https:\/\/generate.focolare.org\/wp-content\/uploads\/2020\/08\/1047877-text-fr.pdf","link":"https:\/\/generate.focolare.org\/fr\/content\/chiara-et-don-foresi-reponses-aux-dirigeants-gen\/1047877-text-fr-2\/","alt":"","author":"0","description":"","caption":"","name":"1047877-text-fr-2","status":"inherit","uploaded_to":80211,"date":"2020-08-26 15:15:04","modified":"2021-06-15 10:13:02","menu_order":0,"mime_type":"application\/pdf","type":"application","subtype":"pdf","icon":"https:\/\/generate.focolare.org\/wp-includes\/images\/media\/document.png"}}],"_links":{"self":[{"href":"https:\/\/generate.focolare.org\/fr\/wp-json\/wp\/v2\/content\/80211","targetHints":{"allow":["GET"]}}],"collection":[{"href":"https:\/\/generate.focolare.org\/fr\/wp-json\/wp\/v2\/content"}],"about":[{"href":"https:\/\/generate.focolare.org\/fr\/wp-json\/wp\/v2\/types\/content"}],"replies":[{"embeddable":true,"href":"https:\/\/generate.focolare.org\/fr\/wp-json\/wp\/v2\/comments?post=80211"}],"wp:featuredmedia":[{"embeddable":true,"href":"https:\/\/generate.focolare.org\/fr\/wp-json\/wp\/v2\/media\/105799"}],"wp:attachment":[{"href":"https:\/\/generate.focolare.org\/fr\/wp-json\/wp\/v2\/media?parent=80211"}],"wp:term":[{"taxonomy":"post_tag","embeddable":true,"href":"https:\/\/generate.focolare.org\/fr\/wp-json\/wp\/v2\/tags?post=80211"},{"taxonomy":"contributor","embeddable":true,"href":"https:\/\/generate.focolare.org\/fr\/wp-json\/wp\/v2\/contributor?post=80211"},{"taxonomy":"location","embeddable":true,"href":"https:\/\/generate.focolare.org\/fr\/wp-json\/wp\/v2\/location?post=80211"},{"taxonomy":"audience","embeddable":true,"href":"https:\/\/generate.focolare.org\/fr\/wp-json\/wp\/v2\/audience?post=80211"}],"curies":[{"name":"wp","href":"https:\/\/api.w.org\/{rel}","templated":true}]}}

Chiara et Don Foresi : Réponses aux dirigeants Gen.

<p>La virginité, l&rsquo;expérience de Chiara ; Foco et les focolarini mariés. Dans l&rsquo;organisation du Mouvement Gen, la vie trinitaire est vécue. Écouter cette voix ; participer à la vie de Marie. L&rsquo;art nouveau ; en Jésus, c&rsquo;est toute la philosophie. Une nouvelle sociologie née de l&rsquo;Idéal.</p>
