{"id":80019,"date":"1980-09-29","date_gmt":"2020-12-20T03:52:37","guid":{"rendered":"https:\/\/generate.focolare.org\/?post_type=content&#038;p=80019"},"modified":"2020-12-20T04:52:37","modified_gmt":"2020-12-20T03:52:37","slug":"la-volonte-de-dieu","status":"publish","type":"content","link":"https:\/\/generate.focolare.org\/fr\/content\/la-volonte-de-dieu\/","title":{"rendered":"La Volont\u00e9 de Dieu"},"excerpt":{"rendered":"<p>En regardant le plan de Dieu sur nous, on se r\u00e9alise pleinement comme des hommes et cela nous rend heureux et libres. Commen\u00e7ons imm\u00e9diatement l&rsquo;aventure de la volont\u00e9 de Dieu.<\/p>\n","protected":false},"featured_media":105656,"comment_status":"closed","ping_status":"closed","template":"","tags":[4131,4325,5418],"contributor":[8558],"location":[8566],"audience":[8557],"class_list":["post-80019","content","type-content","status-publish","has-post-thumbnail","hentry","tag-beatitude","tag-bonheur","tag-volonte-de-dieu","contributor-lubich-chiara","location-rocca-di-papa","audience-gen-2"],"acf":[],"featured_media_url":{"thumbnail":"https:\/\/generate.focolare.org\/wp-content\/uploads\/2021\/01\/24-1-150x150.jpg","medium":"https:\/\/generate.focolare.org\/wp-content\/uploads\/2021\/01\/24-1-300x197.jpg","medium_large":"https:\/\/generate.focolare.org\/wp-content\/uploads\/2021\/01\/24-1-768x504.jpg","large":"https:\/\/generate.focolare.org\/wp-content\/uploads\/2021\/01\/24-1-1024x672.jpg","1536x1536":"https:\/\/generate.focolare.org\/wp-content\/uploads\/2021\/01\/24-1-1536x1008.jpg","2048x2048":"https:\/\/generate.focolare.org\/wp-content\/uploads\/2021\/01\/24-1-2048x1344.jpg","banner":"https:\/\/generate.focolare.org\/wp-content\/uploads\/2021\/01\/24-1-1800x700.jpg","preview":"https:\/\/generate.focolare.org\/wp-content\/uploads\/2021\/01\/24-1-500x400.jpg","profile_24":"https:\/\/generate.focolare.org\/wp-content\/uploads\/2021\/01\/24-1.jpg","profile_48":"https:\/\/generate.focolare.org\/wp-content\/uploads\/2021\/01\/24-1.jpg","profile_96":"https:\/\/generate.focolare.org\/wp-content\/uploads\/2021\/01\/24-1.jpg","profile_150":"https:\/\/generate.focolare.org\/wp-content\/uploads\/2021\/01\/24-1.jpg","profile_300":"https:\/\/generate.focolare.org\/wp-content\/uploads\/2021\/01\/24-1.jpg"},"related":[3114,36719,19849,62084,270965,128178],"wpml_current_locale":"fr_FR","wpml_translations":[{"locale":"en_US","id":80021,"post_title":"The Will of God","href":"https:\/\/generate.focolare.org\/en\/the-will-of-god\/"},{"locale":"it_IT","id":60933,"post_title":"La Volont\u00e0 di Dio","href":"https:\/\/generate.focolare.org\/it\/la-volonta-di-dio\/"},{"locale":"es_ES","id":80015,"post_title":"La Voluntad De Dios","href":"https:\/\/generate.focolare.org\/es\/la-voluntad-de-dios\/"},{"locale":"pt_PT","id":80017,"post_title":"A Vontade de Deus","href":"https:\/\/generate.focolare.org\/pt-pt\/a-vontade-de-deus\/"},{"locale":"ar","id":80020,"post_title":"\u0625\u0631\u0627\u062f\u0629 \u0627\u0644\u0644\u0647","href":"https:\/\/generate.focolare.org\/ar\/the-will-of-god-ar\/"},{"locale":"nl_NL","id":80022,"post_title":"De wil van God","href":"https:\/\/generate.focolare.org\/nl\/de-wil-van-god\/"},{"locale":"de_DE","id":80018,"post_title":"Der Wille Gottes","href":"https:\/\/generate.focolare.org\/de\/der-wille-gottes\/"},{"locale":"sl_SI","id":80016,"post_title":"Bo\u017eja volja","href":"https:\/\/generate.focolare.org\/sl\/bozja-volja\/"}],"link_to_transcription":true,"format":"audio","length":"8","transcriptions":[{"language":"es","file":{"ID":60956,"id":60956,"title":"ACL-DS-19800929-TI-A-es","filename":"ACL-DS-19800929-TI-A-es.pdf","filesize":50449,"url":"https:\/\/generate.focolare.org\/wp-content\/uploads\/2020\/10\/ACL-DS-19800929-TI-A-es.pdf","link":"https:\/\/generate.focolare.org\/fr\/acl-ds-19800929-ti-a-es-2\/","alt":"","author":"6","description":"","caption":"","name":"acl-ds-19800929-ti-a-es-2","status":"inherit","uploaded_to":0,"date":"2020-10-23 14:45:50","modified":"2020-10-23 14:45:50","menu_order":0,"mime_type":"application\/pdf","type":"application","subtype":"pdf","icon":"https:\/\/generate.focolare.org\/wp-includes\/images\/media\/document.png"}},{"language":"sl","file":{"ID":60973,"id":60973,"title":"ACL-DS-19800929-T-sl","filename":"ACL-DS-19800929-T-sl.pdf","filesize":25656,"url":"https:\/\/generate.focolare.org\/wp-content\/uploads\/2020\/10\/ACL-DS-19800929-T-sl.pdf","link":"https:\/\/generate.focolare.org\/fr\/acl-ds-19800929-t-sl-2\/","alt":"","author":"6","description":"","caption":"","name":"acl-ds-19800929-t-sl-2","status":"inherit","uploaded_to":0,"date":"2020-10-23 14:46:27","modified":"2020-10-23 14:46:27","menu_order":0,"mime_type":"application\/pdf","type":"application","subtype":"pdf","icon":"https:\/\/generate.focolare.org\/wp-includes\/images\/media\/document.png"}},{"language":"pt-pt","file":{"ID":60990,"id":60990,"title":"ACL-DS-19800929-TT-A-pt","filename":"ACL-DS-19800929-TT-A-pt.pdf","filesize":164715,"url":"https:\/\/generate.focolare.org\/wp-content\/uploads\/2020\/10\/ACL-DS-19800929-TT-A-pt.pdf","link":"https:\/\/generate.focolare.org\/fr\/acl-ds-19800929-tt-a-pt-2\/","alt":"","author":"6","description":"","caption":"","name":"acl-ds-19800929-tt-a-pt-2","status":"inherit","uploaded_to":0,"date":"2020-10-23 14:46:37","modified":"2020-10-23 14:46:37","menu_order":0,"mime_type":"application\/pdf","type":"application","subtype":"pdf","icon":"https:\/\/generate.focolare.org\/wp-includes\/images\/media\/document.png"}},{"language":"de","file":{"ID":61007,"id":61007,"title":"ACL-DS-19800929-TI-A-de","filename":"ACL-DS-19800929-TI-A-de.pdf","filesize":102359,"url":"https:\/\/generate.focolare.org\/wp-content\/uploads\/2020\/10\/ACL-DS-19800929-TI-A-de.pdf","link":"https:\/\/generate.focolare.org\/fr\/acl-ds-19800929-ti-a-de-2\/","alt":"","author":"6","description":"","caption":"","name":"acl-ds-19800929-ti-a-de-2","status":"inherit","uploaded_to":0,"date":"2020-10-23 14:46:43","modified":"2020-10-23 14:46:43","menu_order":0,"mime_type":"application\/pdf","type":"application","subtype":"pdf","icon":"https:\/\/generate.focolare.org\/wp-includes\/images\/media\/document.png"}},{"language":"fr","file":{"ID":61024,"id":61024,"title":"ACL-DS-19800929-TI-A-fr","filename":"ACL-DS-19800929-TI-A-fr.pdf","filesize":63306,"url":"https:\/\/generate.focolare.org\/wp-content\/uploads\/2020\/10\/ACL-DS-19800929-TI-A-fr.pdf","link":"https:\/\/generate.focolare.org\/fr\/acl-ds-19800929-ti-a-fr-2\/","alt":"","author":"6","description":"","caption":"","name":"acl-ds-19800929-ti-a-fr-2","status":"inherit","uploaded_to":0,"date":"2020-10-23 14:46:51","modified":"2020-10-23 14:46:51","menu_order":0,"mime_type":"application\/pdf","type":"application","subtype":"pdf","icon":"https:\/\/generate.focolare.org\/wp-includes\/images\/media\/document.png"}},{"language":"ar","file":{"ID":61041,"id":61041,"title":"ACL-DS-19800929-TI-A-ar","filename":"ACL-DS-19800929-TI-A-ar.pdf","filesize":63669,"url":"https:\/\/generate.focolare.org\/wp-content\/uploads\/2020\/10\/ACL-DS-19800929-TI-A-ar.pdf","link":"https:\/\/generate.focolare.org\/fr\/acl-ds-19800929-ti-a-ar-2\/","alt":"","author":"6","description":"","caption":"","name":"acl-ds-19800929-ti-a-ar-2","status":"inherit","uploaded_to":0,"date":"2020-10-23 14:46:56","modified":"2020-10-23 14:46:56","menu_order":0,"mime_type":"application\/pdf","type":"application","subtype":"pdf","icon":"https:\/\/generate.focolare.org\/wp-includes\/images\/media\/document.png"}},{"language":"it","file":{"ID":61058,"id":61058,"title":"ACL-DS-19800929-TI-A","filename":"ACL-DS-19800929-TI-A.pdf","filesize":145491,"url":"https:\/\/generate.focolare.org\/wp-content\/uploads\/2020\/10\/ACL-DS-19800929-TI-A.pdf","link":"https:\/\/generate.focolare.org\/fr\/acl-ds-19800929-ti-a-2\/","alt":"","author":"6","description":"","caption":"","name":"acl-ds-19800929-ti-a-2","status":"inherit","uploaded_to":0,"date":"2020-10-23 14:47:03","modified":"2020-10-23 14:47:03","menu_order":0,"mime_type":"application\/pdf","type":"application","subtype":"pdf","icon":"https:\/\/generate.focolare.org\/wp-includes\/images\/media\/document.png"}},{"language":"en","file":{"ID":281751,"id":281751,"title":"GMU-G2-Chiara_Some thoughts on the will of God_19800929","filename":"GMU-G2-Chiara_Some-thoughts-on-the-will-of-God_19800929.pdf","filesize":225699,"url":"https:\/\/generate.focolare.org\/wp-content\/uploads\/2020\/10\/GMU-G2-Chiara_Some-thoughts-on-the-will-of-God_19800929.pdf","link":"https:\/\/generate.focolare.org\/fr\/content\/la-volonte-de-dieu\/gmu-g2-chiara_some-thoughts-on-the-will-of-god_19800929-2\/","alt":"","author":"555","description":"","caption":"","name":"gmu-g2-chiara_some-thoughts-on-the-will-of-god_19800929-2","status":"inherit","uploaded_to":80019,"date":"2022-12-14 09:40:24","modified":"2022-12-14 09:40:24","menu_order":0,"mime_type":"application\/pdf","type":"application","subtype":"pdf","icon":"https:\/\/generate.focolare.org\/wp-includes\/images\/media\/document.png"}},{"language":"nl","file":{"ID":61092,"id":61092,"title":"19800929 - La Volont\u00e0 di Dio - Olandese","filename":"19800929-La-Volonta-di-Dio-Olandese.pdf","filesize":119612,"url":"https:\/\/generate.focolare.org\/wp-content\/uploads\/2020\/10\/19800929-La-Volonta-di-Dio-Olandese.pdf","link":"https:\/\/generate.focolare.org\/fr\/19800929-la-volonta-di-dio-olandese-2\/","alt":"","author":"6","description":"","caption":"","name":"19800929-la-volonta-di-dio-olandese-2","status":"inherit","uploaded_to":0,"date":"2020-10-23 14:48:17","modified":"2020-10-23 14:48:17","menu_order":0,"mime_type":"application\/pdf","type":"application","subtype":"pdf","icon":"https:\/\/generate.focolare.org\/wp-includes\/images\/media\/document.png"}}],"source":{"ID":60939,"id":60939,"title":"Chiara nel giardino di casa sua: Alcuni pensieri sulla volont\u00e0 di Dio","filename":"SCA-CL-19800929-EL-A.mp3","filesize":4076763,"url":"https:\/\/generate.focolare.org\/wp-content\/uploads\/2020\/10\/SCA-CL-19800929-EL-A.mp3","link":"https:\/\/generate.focolare.org\/fr\/chiara-nel-giardino-di-casa-sua-alcuni-pensieri-sulla-volonta-di-dio-2\/","alt":"","author":"6","description":"\"Chiara nel giardino di casa sua: Alcuni pensieri sulla volont\u00e0 di Dio\" by Chiara Lubich. Released: 1980.","caption":"","name":"chiara-nel-giardino-di-casa-sua-alcuni-pensieri-sulla-volonta-di-dio-2","status":"inherit","uploaded_to":0,"date":"2020-10-23 14:43:23","modified":"2020-10-23 14:45:23","menu_order":0,"mime_type":"audio\/mpeg","type":"audio","subtype":"mpeg","icon":"https:\/\/generate.focolare.org\/wp-includes\/images\/media\/audio.png"},"restrict_roles":null,"_links":{"self":[{"href":"https:\/\/generate.focolare.org\/fr\/wp-json\/wp\/v2\/content\/80019","targetHints":{"allow":["GET"]}}],"collection":[{"href":"https:\/\/generate.focolare.org\/fr\/wp-json\/wp\/v2\/content"}],"about":[{"href":"https:\/\/generate.focolare.org\/fr\/wp-json\/wp\/v2\/types\/content"}],"replies":[{"embeddable":true,"href":"https:\/\/generate.focolare.org\/fr\/wp-json\/wp\/v2\/comments?post=80019"}],"wp:featuredmedia":[{"embeddable":true,"href":"https:\/\/generate.focolare.org\/fr\/wp-json\/wp\/v2\/media\/105656"}],"wp:attachment":[{"href":"https:\/\/generate.focolare.org\/fr\/wp-json\/wp\/v2\/media?parent=80019"}],"wp:term":[{"taxonomy":"post_tag","embeddable":true,"href":"https:\/\/generate.focolare.org\/fr\/wp-json\/wp\/v2\/tags?post=80019"},{"taxonomy":"contributor","embeddable":true,"href":"https:\/\/generate.focolare.org\/fr\/wp-json\/wp\/v2\/contributor?post=80019"},{"taxonomy":"location","embeddable":true,"href":"https:\/\/generate.focolare.org\/fr\/wp-json\/wp\/v2\/location?post=80019"},{"taxonomy":"audience","embeddable":true,"href":"https:\/\/generate.focolare.org\/fr\/wp-json\/wp\/v2\/audience?post=80019"}],"curies":[{"name":"wp","href":"https:\/\/api.w.org\/{rel}","templated":true}]}}

La Volonté de Dieu

<p>En regardant le plan de Dieu sur nous, on se réalise pleinement comme des hommes et cela nous rend heureux et libres. Commençons immédiatement l&rsquo;aventure de la volonté de Dieu.</p>

La Volontà di Dio

إرادة الله

Božja volja

19800929 - La Volontà di Dio - Olandese

Chiara nel giardino di casa sua: Alcuni pensieri sulla volontà di Dio

"Chiara nel giardino di casa sua: Alcuni pensieri sulla volontà di Dio" by Chiara Lubich. Released: 1980.
