{"id":6907,"date":"2001-08-14","date_gmt":"2020-11-11T04:32:38","guid":{"rendered":"https:\/\/generate.focolare.org\/?post_type=content&#038;p=6907"},"modified":"2020-12-14T22:43:19","modified_gmt":"2020-12-14T21:43:19","slug":"chiara-aux-gen2-garcons-montet-2001-rep-n3-4-5","status":"publish","type":"content","link":"https:\/\/generate.focolare.org\/fr\/content\/chiara-aux-gen2-garcons-montet-2001-rep-n3-4-5\/","title":{"rendered":"Chiara aux Gen2 gar\u00e7ons, Montet 2001, r\u00e9p. n\u00b03, 4, 5"},"excerpt":{"rendered":"<p>Chiara parle de l&rsquo;Eucharistie, de la fa\u00e7on dont  elle nous transforme et les conditions pour la recevoir; l&rsquo;importance de bien vivre la Volont\u00e9 de Dieu dans l&rsquo;instant pr\u00e9sent; et elle conseille aux Gen de vivre la Parole, car le destin des Gen est d&rsquo;\u00eatre dans le sein du P\u00e8re.<\/p>\n","protected":false},"featured_media":311438,"comment_status":"closed","ping_status":"closed","template":"","tags":[4314,4883,4916,5331,5418],"contributor":[8558],"location":[11118],"audience":[8557],"class_list":["post-6907","content","type-content","status-publish","has-post-thumbnail","hentry","tag-eucharistie","tag-parole","tag-present","tag-verbe","tag-volonte-de-dieu","contributor-lubich-chiara","location-montet-mariapolis-foco","audience-gen-2"],"acf":[],"featured_media_url":{"thumbnail":"https:\/\/generate.focolare.org\/wp-content\/uploads\/2020\/07\/eucaristia-150x150.png","medium":"https:\/\/generate.focolare.org\/wp-content\/uploads\/2020\/07\/eucaristia-300x240.png","medium_large":"https:\/\/generate.focolare.org\/wp-content\/uploads\/2020\/07\/eucaristia.png","large":"https:\/\/generate.focolare.org\/wp-content\/uploads\/2020\/07\/eucaristia.png","1536x1536":"https:\/\/generate.focolare.org\/wp-content\/uploads\/2020\/07\/eucaristia.png","2048x2048":"https:\/\/generate.focolare.org\/wp-content\/uploads\/2020\/07\/eucaristia.png","banner":"https:\/\/generate.focolare.org\/wp-content\/uploads\/2020\/07\/eucaristia.png","preview":"https:\/\/generate.focolare.org\/wp-content\/uploads\/2020\/07\/eucaristia-500x400.png","profile_24":"https:\/\/generate.focolare.org\/wp-content\/uploads\/2020\/07\/eucaristia-24x24.png","profile_48":"https:\/\/generate.focolare.org\/wp-content\/uploads\/2020\/07\/eucaristia-48x48.png","profile_96":"https:\/\/generate.focolare.org\/wp-content\/uploads\/2020\/07\/eucaristia-96x96.png","profile_150":"https:\/\/generate.focolare.org\/wp-content\/uploads\/2020\/07\/eucaristia-150x150.png","profile_300":"https:\/\/generate.focolare.org\/wp-content\/uploads\/2020\/07\/eucaristia-300x300.png"},"related":[20995,18903,19787,1956,80303,80434],"wpml_current_locale":"fr_FR","wpml_translations":[{"locale":"en_US","id":6937,"post_title":"Chiara To The Gen 2 Boys, Montet 2001 Qn No. 3,4,5","href":"https:\/\/generate.focolare.org\/en\/chiara-to-the-gen-2-boys-montet-2001-qn-no-345\/"},{"locale":"it_IT","id":6877,"post_title":"Ges\u00f9 Eucaristia (Chiara ai Gen a Montet 2001, Risposte N.3-4-5)","href":"https:\/\/generate.focolare.org\/it\/chiara-ai-gen-a-montet-2001-risposte-n-3-4-5\/"},{"locale":"pt_PT","id":6892,"post_title":"Chiara aos Gen em Montet, 2001 ; Rispostas N.3-4-5","href":"https:\/\/generate.focolare.org\/pt-pt\/chiara-aos-gen-em-montet-2001-rispostas-n-3-4-5\/"},{"locale":"ar","id":275961,"post_title":"\u0627\u0644\u0642\u0631\u0628\u0627\u0646 \u0627\u0644\u0645\u0642\u062f\u0633","href":"https:\/\/generate.focolare.org\/ar\/%d8%a7%d9%84%d9%82%d8%b1%d8%a8%d8%a7%d9%86-%d8%a7%d9%84%d9%85%d9%82%d8%af%d8%b3\/"},{"locale":"nl_NL","id":6952,"post_title":"Chiara  aan de Gen in Montet 2001, antwoord 3-4-5","href":"https:\/\/generate.focolare.org\/nl\/chiara-aan-de-gen-in-montet-2001-antwoord-3-4-5\/"},{"locale":"de_DE","id":6922,"post_title":"Chiara bei den Gen 2, Montet 2001: Fragen 3, 4 und 5","href":"https:\/\/generate.focolare.org\/de\/chiara-bei-den-gen-2-montet-2001-fragen-3-4-und-5\/"}],"format":"text","length":"8","restrict_roles":null,"link_to_transcription":null,"source":{"ID":6893,"id":6893,"title":"gen-284-text-fr","filename":"gen-284-text-fr.pdf","filesize":92794,"url":"https:\/\/generate.focolare.org\/wp-content\/uploads\/2020\/06\/gen-284-text-fr.pdf","link":"https:\/\/generate.focolare.org\/fr\/content\/chiara-aux-gen2-garcons-montet-2001-rep-n3-4-5\/gen-284-text-fr\/","alt":"","author":"1","description":"","caption":"","name":"gen-284-text-fr","status":"inherit","uploaded_to":6907,"date":"2020-06-02 18:50:17","modified":"2020-06-02 18:50:24","menu_order":0,"mime_type":"application\/pdf","type":"application","subtype":"pdf","icon":"https:\/\/generate.focolare.org\/wp-includes\/images\/media\/document.png"},"_links":{"self":[{"href":"https:\/\/generate.focolare.org\/fr\/wp-json\/wp\/v2\/content\/6907","targetHints":{"allow":["GET"]}}],"collection":[{"href":"https:\/\/generate.focolare.org\/fr\/wp-json\/wp\/v2\/content"}],"about":[{"href":"https:\/\/generate.focolare.org\/fr\/wp-json\/wp\/v2\/types\/content"}],"replies":[{"embeddable":true,"href":"https:\/\/generate.focolare.org\/fr\/wp-json\/wp\/v2\/comments?post=6907"}],"wp:featuredmedia":[{"embeddable":true,"href":"https:\/\/generate.focolare.org\/fr\/wp-json\/wp\/v2\/media\/311438"}],"wp:attachment":[{"href":"https:\/\/generate.focolare.org\/fr\/wp-json\/wp\/v2\/media?parent=6907"}],"wp:term":[{"taxonomy":"post_tag","embeddable":true,"href":"https:\/\/generate.focolare.org\/fr\/wp-json\/wp\/v2\/tags?post=6907"},{"taxonomy":"contributor","embeddable":true,"href":"https:\/\/generate.focolare.org\/fr\/wp-json\/wp\/v2\/contributor?post=6907"},{"taxonomy":"location","embeddable":true,"href":"https:\/\/generate.focolare.org\/fr\/wp-json\/wp\/v2\/location?post=6907"},{"taxonomy":"audience","embeddable":true,"href":"https:\/\/generate.focolare.org\/fr\/wp-json\/wp\/v2\/audience?post=6907"}],"curies":[{"name":"wp","href":"https:\/\/api.w.org\/{rel}","templated":true}]}}

Chiara aux Gen2 garçons, Montet 2001, rép. n°3, 4, 5

<p>Chiara parle de l&rsquo;Eucharistie, de la façon dont  elle nous transforme et les conditions pour la recevoir; l&rsquo;importance de bien vivre la Volonté de Dieu dans l&rsquo;instant présent; et elle conseille aux Gen de vivre la Parole, car le destin des Gen est d&rsquo;être dans le sein du Père.</p>

Gesù Eucaristia (Chiara ai Gen a Montet 2001, Risposte N.3-4-5)

القربان المقدس
