{"id":4604,"date":"1999-01-02","date_gmt":"2020-11-11T04:30:41","guid":{"rendered":"https:\/\/generate.focolare.org\/?post_type=content&#038;p=4604"},"modified":"2020-12-14T22:43:20","modified_gmt":"2020-12-14T21:43:20","slug":"je-taime-jesus-abandonne","status":"publish","type":"content","link":"https:\/\/generate.focolare.org\/fr\/content\/je-taime-jesus-abandonne\/","title":{"rendered":"Je t&rsquo;aime, J\u00e9sus abandonn\u00e9"},"excerpt":{"rendered":"<p>Monde uni et art. Marie, mod\u00e8le divin de la beaut\u00e9. Bien, v\u00e9rit\u00e9 et beaut\u00e9: trois p\u00e9riodes de l&rsquo;\u0152uvre. L&rsquo;art, transparence de Dieu. Dieu est Amour et son Amour est en tout. Amour r\u00e9ciproque et amour de la croix. Cieux nouveaux et terres nouvelles.<\/p>\n<p>Monde Uni et Art. Marie, mod\u00e8le divin de beaut\u00e9. Eh bien, vrai et beau : trois p\u00e9riodes de l&rsquo;Oeuvre. L&rsquo;art transparence de Dieu. Dieu est amour et tout est son amour. L&rsquo;amour r\u00e9ciproque et l&rsquo;amour de la croix. Cieux nouveaux et terres nouvelles. <\/p>\n","protected":false},"featured_media":78721,"comment_status":"closed","ping_status":"closed","template":"","tags":[3858,4219,3867,4132,4142,4169,4241,4451,3846,4774],"contributor":[8558],"location":[8592],"audience":[8557],"class_list":["post-4604","content","type-content","status-publish","has-post-thumbnail","hentry","tag-affliction","tag-amour","tag-art","tag-beaute","tag-charite","tag-croix","tag-douleur","tag-jesus-abandonne","tag-marie","tag-monde","contributor-lubich-chiara","location-loppiano-mariapolis-renata","audience-gen-2"],"acf":[],"featured_media_url":{"thumbnail":"https:\/\/generate.focolare.org\/wp-content\/uploads\/2020\/11\/4604-cover-150x150.jpg","medium":"https:\/\/generate.focolare.org\/wp-content\/uploads\/2020\/11\/4604-cover-300x165.jpg","medium_large":"https:\/\/generate.focolare.org\/wp-content\/uploads\/2020\/11\/4604-cover-768x422.jpg","large":"https:\/\/generate.focolare.org\/wp-content\/uploads\/2020\/11\/4604-cover.jpg","1536x1536":"https:\/\/generate.focolare.org\/wp-content\/uploads\/2020\/11\/4604-cover.jpg","2048x2048":"https:\/\/generate.focolare.org\/wp-content\/uploads\/2020\/11\/4604-cover.jpg","banner":"https:\/\/generate.focolare.org\/wp-content\/uploads\/2020\/11\/4604-cover.jpg","preview":"https:\/\/generate.focolare.org\/wp-content\/uploads\/2020\/11\/4604-cover-500x400.jpg","profile_24":"https:\/\/generate.focolare.org\/wp-content\/uploads\/2020\/11\/4604-cover.jpg","profile_48":"https:\/\/generate.focolare.org\/wp-content\/uploads\/2020\/11\/4604-cover.jpg","profile_96":"https:\/\/generate.focolare.org\/wp-content\/uploads\/2020\/11\/4604-cover.jpg","profile_150":"https:\/\/generate.focolare.org\/wp-content\/uploads\/2020\/11\/4604-cover.jpg","profile_300":"https:\/\/generate.focolare.org\/wp-content\/uploads\/2020\/11\/4604-cover.jpg"},"related":[131431,5030,20391,18379,116405,80131],"wpml_current_locale":"fr_FR","wpml_translations":[{"locale":"en_US","id":4586,"post_title":"I Love You, Jesus Forsaken","href":"https:\/\/generate.focolare.org\/en\/i-love-you-jesus-forsaken\/"},{"locale":"it_IT","id":4598,"post_title":"Io amo Te, Ges\u00f9 Abbandonato","href":"https:\/\/generate.focolare.org\/it\/io-amo-te-gesu-abbandonato\/"},{"locale":"es_ES","id":4622,"post_title":"Yo Te Amo, Jes\u00fas Abandonado","href":"https:\/\/generate.focolare.org\/es\/yo-te-amo-jesus-abandonado\/"},{"locale":"pt_PT","id":4580,"post_title":"Eu amo voc\u00ea, Jesus Abandonado","href":"https:\/\/generate.focolare.org\/pt-pt\/eu-amo-voce-jesus-abandonado\/"},{"locale":"ar","id":4628,"post_title":"\u0623\u0646\u0627 \u0623\u062d\u0628\u0651\u0643 \u0623\u0646\u062a\u060c \u064a\u0627 \u064a\u0633\u0648\u0639 \u0627\u0644\u0645\u062a\u0631\u0648\u0643","href":"https:\/\/generate.focolare.org\/ar\/i-love-you-jesus-forsaken-ar\/"},{"locale":"nl_NL","id":4616,"post_title":"Ik hou van jou, Verlaten Jezus,","href":"https:\/\/generate.focolare.org\/nl\/ik-hou-van-jou-verlaten-jezus\/"},{"locale":"de_DE","id":4592,"post_title":"Weil ich dich liebe, Verlassener Jesus","href":"https:\/\/generate.focolare.org\/de\/weil-ich-dich-liebe-verlassener-jesus\/"},{"locale":"ko_KR","id":4634,"post_title":"\ubc84\ub9bc \ubc1b\uc73c\uc2e0 \uc608\uc218 \ub2d8, \ub2f9\uc2e0\uc744 \uc0ac\ub791\ud569\ub2c8\ub2e4","href":"https:\/\/generate.focolare.org\/ko\/i-love-you-jesus-forsaken-ko\/"},{"locale":"pl_PL","id":4574,"post_title":"Kocham Ci\u0119, Jezu opuszczony","href":"https:\/\/generate.focolare.org\/pl\/kocham-cie-jezu-opuszczony\/"},{"locale":"sl_SI","id":4610,"post_title":"Ljubim tebe, zapu\u0161\u010denega Jezusa","href":"https:\/\/generate.focolare.org\/sl\/ljubim-tebe-zapuscenega-jezusa\/"}],"format":"video","length":"8","restrict_roles":null,"source":{"ID":4599,"id":4599,"title":"gen-221-video-fr","filename":"gen-221-video-fr.mp4","filesize":73972167,"url":"https:\/\/generate.focolare.org\/wp-content\/uploads\/2020\/06\/gen-221-video-fr.mp4.hsl\/index.m3u8","link":"https:\/\/generate.focolare.org\/fr\/content\/je-taime-jesus-abandonne\/gen-221-video-fr\/","alt":"","author":"1","description":"","caption":"","name":"gen-221-video-fr","status":"inherit","uploaded_to":4604,"date":"2020-06-02 18:31:14","modified":"2020-06-02 18:31:19","menu_order":0,"mime_type":"application\/x-mpegURL","type":"video","subtype":"mp4","icon":"https:\/\/generate.focolare.org\/wp-includes\/images\/media\/video.png","width":960,"height":528},"transcriptions":[{"language":"pl","file":{"ID":4635,"id":4635,"title":"gen-221-text-pl","filename":"gen-221-text-pl.pdf","filesize":526599,"url":"https:\/\/generate.focolare.org\/wp-content\/uploads\/2020\/06\/gen-221-text-pl.pdf","link":"https:\/\/generate.focolare.org\/fr\/content\/kocham-cie-jezu-opuszczony\/gen-221-text-pl\/","alt":"","author":"1","description":"","caption":"","name":"gen-221-text-pl","status":"inherit","uploaded_to":4574,"date":"2020-06-02 18:31:20","modified":"2020-06-02 18:31:21","menu_order":0,"mime_type":"application\/pdf","type":"application","subtype":"pdf","icon":"https:\/\/generate.focolare.org\/wp-includes\/images\/media\/document.png"}},{"language":"pt-pt","file":{"ID":4640,"id":4640,"title":"gen-221-text-pt","filename":"gen-221-text-pt.pdf","filesize":341373,"url":"https:\/\/generate.focolare.org\/wp-content\/uploads\/2020\/06\/gen-221-text-pt.pdf","link":"https:\/\/generate.focolare.org\/fr\/content\/kocham-cie-jezu-opuszczony\/gen-221-text-pt\/","alt":"","author":"1","description":"","caption":"","name":"gen-221-text-pt","status":"inherit","uploaded_to":4574,"date":"2020-06-02 18:31:20","modified":"2020-06-02 18:31:21","menu_order":0,"mime_type":"application\/pdf","type":"application","subtype":"pdf","icon":"https:\/\/generate.focolare.org\/wp-includes\/images\/media\/document.png"}},{"language":"en","file":{"ID":4646,"id":4646,"title":"gen-221-text-en","filename":"gen-221-text-en.pdf","filesize":346508,"url":"https:\/\/generate.focolare.org\/wp-content\/uploads\/2020\/06\/gen-221-text-en.pdf","link":"https:\/\/generate.focolare.org\/fr\/content\/je-taime-jesus-abandonne\/gen-221-text-en-2\/","alt":"","author":"1","description":"","caption":"","name":"gen-221-text-en-2","status":"inherit","uploaded_to":4604,"date":"2020-06-02 18:31:20","modified":"2020-11-14 18:47:02","menu_order":0,"mime_type":"application\/pdf","type":"application","subtype":"pdf","icon":"https:\/\/generate.focolare.org\/wp-includes\/images\/media\/document.png"}},{"language":"de","file":{"ID":4650,"id":4650,"title":"gen-221-text-de","filename":"gen-221-text-de.pdf","filesize":455209,"url":"https:\/\/generate.focolare.org\/wp-content\/uploads\/2020\/06\/gen-221-text-de.pdf","link":"https:\/\/generate.focolare.org\/fr\/content\/kocham-cie-jezu-opuszczony\/gen-221-text-de\/","alt":"","author":"1","description":"","caption":"","name":"gen-221-text-de","status":"inherit","uploaded_to":4574,"date":"2020-06-02 18:31:20","modified":"2020-06-02 18:31:21","menu_order":0,"mime_type":"application\/pdf","type":"application","subtype":"pdf","icon":"https:\/\/generate.focolare.org\/wp-includes\/images\/media\/document.png"}},{"language":"it","file":{"ID":4655,"id":4655,"title":"gen-221-text-it","filename":"gen-221-text-it.pdf","filesize":346429,"url":"https:\/\/generate.focolare.org\/wp-content\/uploads\/2020\/06\/gen-221-text-it.pdf","link":"https:\/\/generate.focolare.org\/fr\/content\/kocham-cie-jezu-opuszczony\/gen-221-text-it\/","alt":"","author":"1","description":"","caption":"","name":"gen-221-text-it","status":"inherit","uploaded_to":4574,"date":"2020-06-02 18:31:20","modified":"2020-06-02 18:31:21","menu_order":0,"mime_type":"application\/pdf","type":"application","subtype":"pdf","icon":"https:\/\/generate.focolare.org\/wp-includes\/images\/media\/document.png"}},{"language":"fr","file":{"ID":4660,"id":4660,"title":"gen-221-text-fr","filename":"gen-221-text-fr.pdf","filesize":356759,"url":"https:\/\/generate.focolare.org\/wp-content\/uploads\/2020\/06\/gen-221-text-fr.pdf","link":"https:\/\/generate.focolare.org\/fr\/content\/kocham-cie-jezu-opuszczony\/gen-221-text-fr\/","alt":"","author":"1","description":"","caption":"","name":"gen-221-text-fr","status":"inherit","uploaded_to":4574,"date":"2020-06-02 18:31:20","modified":"2020-06-02 18:31:21","menu_order":0,"mime_type":"application\/pdf","type":"application","subtype":"pdf","icon":"https:\/\/generate.focolare.org\/wp-includes\/images\/media\/document.png"}},{"language":"sl","file":{"ID":4665,"id":4665,"title":"gen-221-text-sl","filename":"gen-221-text-sl.pdf","filesize":491024,"url":"https:\/\/generate.focolare.org\/wp-content\/uploads\/2020\/06\/gen-221-text-sl.pdf","link":"https:\/\/generate.focolare.org\/fr\/content\/kocham-cie-jezu-opuszczony\/gen-221-text-sl\/","alt":"","author":"1","description":"","caption":"","name":"gen-221-text-sl","status":"inherit","uploaded_to":4574,"date":"2020-06-02 18:31:20","modified":"2020-06-02 18:31:21","menu_order":0,"mime_type":"application\/pdf","type":"application","subtype":"pdf","icon":"https:\/\/generate.focolare.org\/wp-includes\/images\/media\/document.png"}},{"language":"nl","file":{"ID":4670,"id":4670,"title":"gen-221-text-nl","filename":"gen-221-text-nl.pdf","filesize":341621,"url":"https:\/\/generate.focolare.org\/wp-content\/uploads\/2020\/06\/gen-221-text-nl.pdf","link":"https:\/\/generate.focolare.org\/fr\/content\/kocham-cie-jezu-opuszczony\/gen-221-text-nl\/","alt":"","author":"1","description":"","caption":"","name":"gen-221-text-nl","status":"inherit","uploaded_to":4574,"date":"2020-06-02 18:31:20","modified":"2020-06-02 18:31:21","menu_order":0,"mime_type":"application\/pdf","type":"application","subtype":"pdf","icon":"https:\/\/generate.focolare.org\/wp-includes\/images\/media\/document.png"}},{"language":"es","file":{"ID":4675,"id":4675,"title":"gen-221-text-es","filename":"gen-221-text-es.pdf","filesize":128220,"url":"https:\/\/generate.focolare.org\/wp-content\/uploads\/2020\/06\/gen-221-text-es.pdf","link":"https:\/\/generate.focolare.org\/fr\/content\/kocham-cie-jezu-opuszczony\/gen-221-text-es\/","alt":"","author":"1","description":"","caption":"","name":"gen-221-text-es","status":"inherit","uploaded_to":4574,"date":"2020-06-02 18:31:21","modified":"2020-06-02 18:31:21","menu_order":0,"mime_type":"application\/pdf","type":"application","subtype":"pdf","icon":"https:\/\/generate.focolare.org\/wp-includes\/images\/media\/document.png"}},{"language":"ar","file":{"ID":278027,"id":278027,"title":"GMU-G2-Chiara Lubich-Io amo Te, Ges\u00f9 Abbandonato-19990102-AR","filename":"GMU-G2-Chiara-Lubich-Io-amo-Te-Gesu-Abbandonato-19990102-AR.pdf","filesize":559374,"url":"https:\/\/generate.focolare.org\/wp-content\/uploads\/2020\/07\/GMU-G2-Chiara-Lubich-Io-amo-Te-Gesu-Abbandonato-19990102-AR.pdf","link":"https:\/\/generate.focolare.org\/fr\/content\/je-taime-jesus-abandonne\/gmu-g2-chiara-lubich-io-amo-te-gesu-abbandonato-19990102-ar-2\/","alt":"","author":"1126","description":"","caption":"","name":"gmu-g2-chiara-lubich-io-amo-te-gesu-abbandonato-19990102-ar-2","status":"inherit","uploaded_to":4604,"date":"2022-11-24 17:36:37","modified":"2022-11-24 17:36:37","menu_order":0,"mime_type":"application\/pdf","type":"application","subtype":"pdf","icon":"https:\/\/generate.focolare.org\/wp-includes\/images\/media\/document.png"}}],"_links":{"self":[{"href":"https:\/\/generate.focolare.org\/fr\/wp-json\/wp\/v2\/content\/4604","targetHints":{"allow":["GET"]}}],"collection":[{"href":"https:\/\/generate.focolare.org\/fr\/wp-json\/wp\/v2\/content"}],"about":[{"href":"https:\/\/generate.focolare.org\/fr\/wp-json\/wp\/v2\/types\/content"}],"replies":[{"embeddable":true,"href":"https:\/\/generate.focolare.org\/fr\/wp-json\/wp\/v2\/comments?post=4604"}],"wp:featuredmedia":[{"embeddable":true,"href":"https:\/\/generate.focolare.org\/fr\/wp-json\/wp\/v2\/media\/78721"}],"wp:attachment":[{"href":"https:\/\/generate.focolare.org\/fr\/wp-json\/wp\/v2\/media?parent=4604"}],"wp:term":[{"taxonomy":"post_tag","embeddable":true,"href":"https:\/\/generate.focolare.org\/fr\/wp-json\/wp\/v2\/tags?post=4604"},{"taxonomy":"contributor","embeddable":true,"href":"https:\/\/generate.focolare.org\/fr\/wp-json\/wp\/v2\/contributor?post=4604"},{"taxonomy":"location","embeddable":true,"href":"https:\/\/generate.focolare.org\/fr\/wp-json\/wp\/v2\/location?post=4604"},{"taxonomy":"audience","embeddable":true,"href":"https:\/\/generate.focolare.org\/fr\/wp-json\/wp\/v2\/audience?post=4604"}],"curies":[{"name":"wp","href":"https:\/\/api.w.org\/{rel}","templated":true}]}}

Je t&rsquo;aime, Jésus abandonné

<p>Monde uni et art. Marie, modèle divin de la beauté. Bien, vérité et beauté: trois périodes de l&rsquo;Œuvre. L&rsquo;art, transparence de Dieu. Dieu est Amour et son Amour est en tout. Amour réciproque et amour de la croix. Cieux nouveaux et terres nouvelles.</p>
<p>Monde Uni et Art. Marie, modèle divin de beauté. Eh bien, vrai et beau : trois périodes de l&rsquo;Oeuvre. L&rsquo;art transparence de Dieu. Dieu est amour et tout est son amour. L&rsquo;amour réciproque et l&rsquo;amour de la croix. Cieux nouveaux et terres nouvelles. </p>

Io amo Te, Gesù Abbandonato

Yo Te Amo, Jesús Abandonado

Eu amo você, Jesus Abandonado

أنا أحبّك أنت، يا يسوع المتروك

버림 받으신 예수 님, 당신을 사랑합니다

Kocham Cię, Jezu opuszczony

Ljubim tebe, zapuščenega Jezusa

GMU-G2-Chiara Lubich-Io amo Te, Gesù Abbandonato-19990102-AR
