{"id":3441,"date":"2000-04-18","date_gmt":"2020-11-11T04:30:37","guid":{"rendered":"https:\/\/generate.focolare.org\/?post_type=content&#038;p=3441"},"modified":"2025-03-19T09:22:23","modified_gmt":"2025-03-19T08:22:23","slug":"aux-habitants-de-loppiano-reponse-n5","status":"publish","type":"content","link":"https:\/\/generate.focolare.org\/fr\/content\/aux-habitants-de-loppiano-reponse-n5\/","title":{"rendered":"Quelle est la diff\u00e9rence entre le pacte d\u2019amour r\u00e9ciproque et le pacte d\u2019unit\u00e9?"},"excerpt":{"rendered":"<p>Dans l&rsquo;histoire de l&rsquo;\u0152uvre, les \u00ab pactes \u00bb ont \u00e9t\u00e9 des moments tr\u00e8s importants. Le pacte de l&rsquo;amour r\u00e9ciproque, le pacte d&rsquo;unit\u00e9, et Chiara explique les diff\u00e9rences.<\/p>\n","protected":false},"featured_media":308208,"comment_status":"closed","ping_status":"closed","template":"","tags":[4222,4231,4543,4879,5318],"contributor":[8558],"location":[8592],"audience":[8568],"class_list":["post-3441","content","type-content","status-publish","has-post-thumbnail","hentry","tag-amour-reciproque","tag-amour-reciproque-fr","tag-misericorde","tag-pacte","tag-unite","contributor-lubich-chiara","location-loppiano-mariapolis-renata","audience-communaute-du-mouvement"],"acf":[],"featured_media_url":{"thumbnail":"https:\/\/generate.focolare.org\/wp-content\/uploads\/2020\/07\/Copia-de-Chiara-6-150x150.png","medium":"https:\/\/generate.focolare.org\/wp-content\/uploads\/2020\/07\/Copia-de-Chiara-6-300x240.png","medium_large":"https:\/\/generate.focolare.org\/wp-content\/uploads\/2020\/07\/Copia-de-Chiara-6.png","large":"https:\/\/generate.focolare.org\/wp-content\/uploads\/2020\/07\/Copia-de-Chiara-6.png","1536x1536":"https:\/\/generate.focolare.org\/wp-content\/uploads\/2020\/07\/Copia-de-Chiara-6.png","2048x2048":"https:\/\/generate.focolare.org\/wp-content\/uploads\/2020\/07\/Copia-de-Chiara-6.png","banner":"https:\/\/generate.focolare.org\/wp-content\/uploads\/2020\/07\/Copia-de-Chiara-6.png","preview":"https:\/\/generate.focolare.org\/wp-content\/uploads\/2020\/07\/Copia-de-Chiara-6-500x400.png","profile_24":"https:\/\/generate.focolare.org\/wp-content\/uploads\/2020\/07\/Copia-de-Chiara-6-24x24.png","profile_48":"https:\/\/generate.focolare.org\/wp-content\/uploads\/2020\/07\/Copia-de-Chiara-6-48x48.png","profile_96":"https:\/\/generate.focolare.org\/wp-content\/uploads\/2020\/07\/Copia-de-Chiara-6-96x96.png","profile_150":"https:\/\/generate.focolare.org\/wp-content\/uploads\/2020\/07\/Copia-de-Chiara-6-150x150.png","profile_300":"https:\/\/generate.focolare.org\/wp-content\/uploads\/2020\/07\/Copia-de-Chiara-6-300x300.png"},"related":[21468,4604,281429,43363,80182,281425],"wpml_current_locale":"fr_FR","wpml_translations":[{"locale":"en_US","id":3429,"post_title":"What is the difference between the pact of mutual love and the pact of unity?","href":"https:\/\/generate.focolare.org\/en\/loppiano-to-the-town-answer-no-5\/"},{"locale":"it_IT","id":3417,"post_title":"Quale differenza c\u2019\u00e8 tra il patto dell\u2019amore scambievole e il patto d\u2019unit\u00e0?","href":"https:\/\/generate.focolare.org\/it\/loppiano-alla-citta-risposta-n-5\/"},{"locale":"es_ES","id":3411,"post_title":"\u00bfCu\u00e1l es la diferencia entre el pacto de amor rec\u00edproco y el pacto de unidad?","href":"https:\/\/generate.focolare.org\/es\/loppiano-a-la-ciudad-respuesta-n-5\/"},{"locale":"pt_PT","id":3447,"post_title":"Qual \u00e9 a diferen\u00e7a entre o pacto de amor rec\u00edproco e o pacto de unidade?","href":"https:\/\/generate.focolare.org\/pt-pt\/a-cidade-de-loppiano-resposta-n-5\/"},{"locale":"ar","id":3453,"post_title":"\u0644\u0648\u0628\u064a\u0627\u0646\u0648 \u060c \u0625\u0644\u0649 \u0627\u0644\u0645\u062f\u064a\u0646\u0629 - \u0627\u0644\u0625\u062c\u0627\u0628\u0629 \u0631\u0642\u0645 5","href":"https:\/\/generate.focolare.org\/ar\/loppiano-to-the-town-answer-no-5-ar\/"},{"locale":"nl_NL","id":3405,"post_title":"Loppiano, aan de stad, vraag 5","href":"https:\/\/generate.focolare.org\/nl\/loppiano-aan-de-stad-vraag-5\/"},{"locale":"de_DE","id":3423,"post_title":"Loppiano, bei den Bewohnern der Modellsiedlung - Frage 5","href":"https:\/\/generate.focolare.org\/de\/loppiano-bei-den-bewohnern-der-modellsiedlung-frage-5\/"},{"locale":"sl_SI","id":3435,"post_title":"Loppiano, mestu - 5. odgovor","href":"https:\/\/generate.focolare.org\/sl\/loppiano-mestu-5-odgovor\/"}],"format":"text","length":"4","restrict_roles":null,"source":{"ID":3436,"id":3436,"title":"gen-209-text-fr","filename":"gen-209-text-fr.pdf","filesize":117031,"url":"https:\/\/generate.focolare.org\/wp-content\/uploads\/2020\/06\/gen-209-text-fr.pdf","link":"https:\/\/generate.focolare.org\/fr\/content\/aux-habitants-de-loppiano-reponse-n5\/gen-209-text-fr\/","alt":"","author":"1","description":"","caption":"","name":"gen-209-text-fr","status":"inherit","uploaded_to":3441,"date":"2020-06-02 18:25:30","modified":"2020-06-02 18:25:31","menu_order":0,"mime_type":"application\/pdf","type":"application","subtype":"pdf","icon":"https:\/\/generate.focolare.org\/wp-includes\/images\/media\/document.png"},"link_to_transcription":null,"_links":{"self":[{"href":"https:\/\/generate.focolare.org\/fr\/wp-json\/wp\/v2\/content\/3441","targetHints":{"allow":["GET"]}}],"collection":[{"href":"https:\/\/generate.focolare.org\/fr\/wp-json\/wp\/v2\/content"}],"about":[{"href":"https:\/\/generate.focolare.org\/fr\/wp-json\/wp\/v2\/types\/content"}],"replies":[{"embeddable":true,"href":"https:\/\/generate.focolare.org\/fr\/wp-json\/wp\/v2\/comments?post=3441"}],"wp:featuredmedia":[{"embeddable":true,"href":"https:\/\/generate.focolare.org\/fr\/wp-json\/wp\/v2\/media\/308208"}],"wp:attachment":[{"href":"https:\/\/generate.focolare.org\/fr\/wp-json\/wp\/v2\/media?parent=3441"}],"wp:term":[{"taxonomy":"post_tag","embeddable":true,"href":"https:\/\/generate.focolare.org\/fr\/wp-json\/wp\/v2\/tags?post=3441"},{"taxonomy":"contributor","embeddable":true,"href":"https:\/\/generate.focolare.org\/fr\/wp-json\/wp\/v2\/contributor?post=3441"},{"taxonomy":"location","embeddable":true,"href":"https:\/\/generate.focolare.org\/fr\/wp-json\/wp\/v2\/location?post=3441"},{"taxonomy":"audience","embeddable":true,"href":"https:\/\/generate.focolare.org\/fr\/wp-json\/wp\/v2\/audience?post=3441"}],"curies":[{"name":"wp","href":"https:\/\/api.w.org\/{rel}","templated":true}]}}

Quelle est la différence entre le pacte d’amour réciproque et le pacte d’unité?

<p>Dans l&rsquo;histoire de l&rsquo;Œuvre, les « pactes » ont été des moments très importants. Le pacte de l&rsquo;amour réciproque, le pacte d&rsquo;unité, et Chiara explique les différences.</p>

Quale differenza c’è tra il patto dell’amore scambievole e il patto d’unità?

¿Cuál es la diferencia entre el pacto de amor recíproco y el pacto de unidad?

Qual é a diferença entre o pacto de amor recíproco e o pacto de unidade?

لوبيانو ، إلى المدينة - الإجابة رقم 5
