{"id":314586,"date":"1999-04-18","date_gmt":"2025-07-02T08:34:01","guid":{"rendered":"https:\/\/generate.focolare.org\/?post_type=content&#038;p=314586"},"modified":"2025-07-02T09:34:01","modified_gmt":"2025-07-02T08:34:01","slug":"paradis-et-imperfection","status":"publish","type":"content","link":"https:\/\/generate.focolare.org\/fr\/content\/paradis-et-imperfection\/","title":{"rendered":"Paradis et imperfection"},"excerpt":{"rendered":"","protected":false},"featured_media":314629,"comment_status":"closed","ping_status":"closed","template":"","tags":[4219,4196,4407,4887,12110,5313,5333],"contributor":[8558],"location":[],"audience":[12628,8557,8591],"class_list":["post-314586","content","type-content","status-publish","has-post-thumbnail","hentry","tag-amour","tag-ecologie","tag-enfer","tag-paradis","tag-pathways","tag-trinite","tag-vert","contributor-lubich-chiara","audience-assistants","audience-gen-2","audience-internes"],"acf":[],"featured_media_url":{"thumbnail":"https:\/\/generate.focolare.org\/wp-content\/uploads\/2025\/07\/314586-cover-150x150.jpg","medium":"https:\/\/generate.focolare.org\/wp-content\/uploads\/2025\/07\/314586-cover-300x169.jpg","medium_large":"https:\/\/generate.focolare.org\/wp-content\/uploads\/2025\/07\/314586-cover-768x432.jpg","large":"https:\/\/generate.focolare.org\/wp-content\/uploads\/2025\/07\/314586-cover-1024x576.jpg","1536x1536":"https:\/\/generate.focolare.org\/wp-content\/uploads\/2025\/07\/314586-cover-1536x864.jpg","2048x2048":"https:\/\/generate.focolare.org\/wp-content\/uploads\/2025\/07\/314586-cover.jpg","banner":"https:\/\/generate.focolare.org\/wp-content\/uploads\/2025\/07\/314586-cover-1800x700.jpg","preview":"https:\/\/generate.focolare.org\/wp-content\/uploads\/2025\/07\/314586-cover-500x400.jpg","profile_24":"https:\/\/generate.focolare.org\/wp-content\/uploads\/2025\/07\/314586-cover-24x24.jpg","profile_48":"https:\/\/generate.focolare.org\/wp-content\/uploads\/2025\/07\/314586-cover-48x48.jpg","profile_96":"https:\/\/generate.focolare.org\/wp-content\/uploads\/2025\/07\/314586-cover-96x96.jpg","profile_150":"https:\/\/generate.focolare.org\/wp-content\/uploads\/2025\/07\/314586-cover-150x150.jpg","profile_300":"https:\/\/generate.focolare.org\/wp-content\/uploads\/2025\/07\/314586-cover-300x300.jpg"},"related":[13379,132639,132339,121132,59350,80404],"wpml_current_locale":"fr_FR","wpml_translations":[{"locale":"en_US","id":126968,"post_title":"Paradise and Imperfection","href":"https:\/\/generate.focolare.org\/en\/heaven-and-hell\/"},{"locale":"it_IT","id":124275,"post_title":"Paradiso e Imperfezione","href":"https:\/\/generate.focolare.org\/it\/il-paradiso-e-linferno\/"},{"locale":"es_ES","id":126967,"post_title":"Para\u00edso e imperfecci\u00f3n","href":"https:\/\/generate.focolare.org\/es\/el-paraiso-y-el-infierno\/"},{"locale":"pt_PT","id":129438,"post_title":"Para\u00edso e imperfei\u00e7\u00e3o","href":"https:\/\/generate.focolare.org\/pt-pt\/o-paraiso-e-o-infenro\/"}],"format":"video","length":"9","transcriptions":[{"language":"it","file":{"ID":124326,"id":124326,"title":"GMU-G2-Il paradiso e l'inferno-19990418","filename":"GMU-G2-Il-paradiso-e-linferno-19990418.pdf","filesize":687712,"url":"https:\/\/generate.focolare.org\/wp-content\/uploads\/2021\/12\/GMU-G2-Il-paradiso-e-linferno-19990418.pdf","link":"https:\/\/generate.focolare.org\/fr\/content\/paradis-et-imperfection\/gmu-g2-il-paradiso-e-linferno-19990418-2\/","alt":"","author":"512","description":"","caption":"","name":"gmu-g2-il-paradiso-e-linferno-19990418-2","status":"inherit","uploaded_to":314586,"date":"2021-12-22 14:52:14","modified":"2025-07-02 08:29:13","menu_order":0,"mime_type":"application\/pdf","type":"application","subtype":"pdf","icon":"https:\/\/generate.focolare.org\/wp-includes\/images\/media\/document.png"}},{"language":"es","file":{"ID":126933,"id":126933,"title":"GMU-G2-El Para\u00edso y el Infierno-19990418","filename":"GMU-G2-El-Paraiso-y-el-Infierno-19990418.pdf","filesize":802339,"url":"https:\/\/generate.focolare.org\/wp-content\/uploads\/2021\/12\/GMU-G2-El-Paraiso-y-el-Infierno-19990418.pdf","link":"https:\/\/generate.focolare.org\/fr\/content\/paradis-et-imperfection\/gmu-g2-el-paraiso-y-el-infierno-19990418-2\/","alt":"","author":"512","description":"","caption":"","name":"gmu-g2-el-paraiso-y-el-infierno-19990418-2","status":"inherit","uploaded_to":314586,"date":"2022-01-03 17:00:02","modified":"2025-07-02 08:29:13","menu_order":0,"mime_type":"application\/pdf","type":"application","subtype":"pdf","icon":"https:\/\/generate.focolare.org\/wp-includes\/images\/media\/document.png"}},{"language":"en","file":{"ID":126954,"id":126954,"title":"GMU-G2-Heaven and hell-19990418","filename":"GMU-G2-Heaven-and-hell-19990418.pdf","filesize":675039,"url":"https:\/\/generate.focolare.org\/wp-content\/uploads\/2021\/12\/GMU-G2-Heaven-and-hell-19990418.pdf","link":"https:\/\/generate.focolare.org\/fr\/content\/paradis-et-imperfection\/gmu-g2-heaven-and-hell-19990418-2\/","alt":"","author":"512","description":"","caption":"","name":"gmu-g2-heaven-and-hell-19990418-2","status":"inherit","uploaded_to":314586,"date":"2022-01-03 17:03:08","modified":"2025-07-02 08:29:14","menu_order":0,"mime_type":"application\/pdf","type":"application","subtype":"pdf","icon":"https:\/\/generate.focolare.org\/wp-includes\/images\/media\/document.png"}},{"language":"pt-pt","file":{"ID":129425,"id":129425,"title":"(PT) O paraiso e o inferno","filename":"PT-O-paraiso-e-o-inferno.pdf","filesize":689451,"url":"https:\/\/generate.focolare.org\/wp-content\/uploads\/2021\/12\/PT-O-paraiso-e-o-inferno.pdf","link":"https:\/\/generate.focolare.org\/fr\/content\/paradis-et-imperfection\/pt-o-paraiso-e-o-inferno-2\/","alt":"","author":"512","description":"","caption":"","name":"pt-o-paraiso-e-o-inferno-2","status":"inherit","uploaded_to":314586,"date":"2022-02-08 09:58:13","modified":"2025-07-02 08:29:14","menu_order":0,"mime_type":"application\/pdf","type":"application","subtype":"pdf","icon":"https:\/\/generate.focolare.org\/wp-includes\/images\/media\/document.png"}},{"language":"fr","file":{"ID":314433,"id":314433,"title":"Paradis et imperfection","filename":"Paradis-et-imperfection.pdf","filesize":232275,"url":"https:\/\/generate.focolare.org\/wp-content\/uploads\/2021\/12\/Paradis-et-imperfection.pdf","link":"https:\/\/generate.focolare.org\/fr\/content\/paradis-et-imperfection\/paradis-et-imperfection-2\/","alt":"","author":"1968","description":"","caption":"","name":"paradis-et-imperfection-2","status":"inherit","uploaded_to":314586,"date":"2025-07-01 13:07:04","modified":"2025-07-02 08:29:14","menu_order":0,"mime_type":"application\/pdf","type":"application","subtype":"pdf","icon":"https:\/\/generate.focolare.org\/wp-includes\/images\/media\/document.png"}}],"restrict_roles":null,"link_to_transcription":null,"source":{"ID":314608,"id":314608,"title":"2568M1-19990418-it","filename":"2568M1-19990418-it.mp4","filesize":345345874,"url":"https:\/\/generate.focolare.org\/wp-content\/uploads\/2025\/07\/2568M1-19990418-it.mp4","link":"https:\/\/generate.focolare.org\/fr\/content\/paradis-et-imperfection\/2568m1-19990418-it\/","alt":"","author":"1968","description":"","caption":"","name":"2568m1-19990418-it","status":"inherit","uploaded_to":314586,"date":"2025-07-02 08:33:24","modified":"2025-07-02 08:33:24","menu_order":0,"mime_type":"video\/mp4","type":"video","subtype":"mp4","icon":"https:\/\/generate.focolare.org\/wp-includes\/images\/media\/video.png","width":1920,"height":1080},"_links":{"self":[{"href":"https:\/\/generate.focolare.org\/fr\/wp-json\/wp\/v2\/content\/314586","targetHints":{"allow":["GET"]}}],"collection":[{"href":"https:\/\/generate.focolare.org\/fr\/wp-json\/wp\/v2\/content"}],"about":[{"href":"https:\/\/generate.focolare.org\/fr\/wp-json\/wp\/v2\/types\/content"}],"replies":[{"embeddable":true,"href":"https:\/\/generate.focolare.org\/fr\/wp-json\/wp\/v2\/comments?post=314586"}],"wp:featuredmedia":[{"embeddable":true,"href":"https:\/\/generate.focolare.org\/fr\/wp-json\/wp\/v2\/media\/314629"}],"wp:attachment":[{"href":"https:\/\/generate.focolare.org\/fr\/wp-json\/wp\/v2\/media?parent=314586"}],"wp:term":[{"taxonomy":"post_tag","embeddable":true,"href":"https:\/\/generate.focolare.org\/fr\/wp-json\/wp\/v2\/tags?post=314586"},{"taxonomy":"contributor","embeddable":true,"href":"https:\/\/generate.focolare.org\/fr\/wp-json\/wp\/v2\/contributor?post=314586"},{"taxonomy":"location","embeddable":true,"href":"https:\/\/generate.focolare.org\/fr\/wp-json\/wp\/v2\/location?post=314586"},{"taxonomy":"audience","embeddable":true,"href":"https:\/\/generate.focolare.org\/fr\/wp-json\/wp\/v2\/audience?post=314586"}],"curies":[{"name":"wp","href":"https:\/\/api.w.org\/{rel}","templated":true}]}}

Paraíso e imperfección

Paraíso e imperfeição

GMU-G2-El Paraíso y el Infierno-19990418
