{"id":3114,"date":"2001-08-14","date_gmt":"2020-11-11T04:30:20","guid":{"rendered":"https:\/\/generate.focolare.org\/?post_type=content&#038;p=3114"},"modified":"2020-12-11T19:19:09","modified_gmt":"2020-12-11T18:19:09","slug":"sannuler-dans-la-volonte-de-dieu","status":"publish","type":"content","link":"https:\/\/generate.focolare.org\/fr\/content\/sannuler-dans-la-volonte-de-dieu\/","title":{"rendered":"S&rsquo;annuler dans la volont\u00e9 de Dieu"},"excerpt":{"rendered":"<p>A Eirc, un Gen br\u00e9silien  \u00e9tudiant en ing\u00e9nierie, Chiara dit: \u00ab Je comprends bien que cela te plaise ! Il dit qu&rsquo;il aime ce monde mais, en tant que Gen, nous avons appris \u00e0 faire les choses comme volont\u00e9 de Dieu, et non parce que cela nous pla\u00eet.\u00bb<\/p>\n","protected":false},"featured_media":313829,"comment_status":"closed","ping_status":"closed","template":"","tags":[4248,5418],"contributor":[8558],"location":[11118],"audience":[8557],"class_list":["post-3114","content","type-content","status-publish","has-post-thumbnail","hentry","tag-sannuller","tag-volonte-de-dieu","contributor-lubich-chiara","location-montet-mariapolis-foco","audience-gen-2"],"acf":[],"featured_media_url":{"thumbnail":"https:\/\/generate.focolare.org\/wp-content\/uploads\/2020\/07\/anularse-150x150.png","medium":"https:\/\/generate.focolare.org\/wp-content\/uploads\/2020\/07\/anularse-300x240.png","medium_large":"https:\/\/generate.focolare.org\/wp-content\/uploads\/2020\/07\/anularse.png","large":"https:\/\/generate.focolare.org\/wp-content\/uploads\/2020\/07\/anularse.png","1536x1536":"https:\/\/generate.focolare.org\/wp-content\/uploads\/2020\/07\/anularse.png","2048x2048":"https:\/\/generate.focolare.org\/wp-content\/uploads\/2020\/07\/anularse.png","banner":"https:\/\/generate.focolare.org\/wp-content\/uploads\/2020\/07\/anularse.png","preview":"https:\/\/generate.focolare.org\/wp-content\/uploads\/2020\/07\/anularse-500x400.png","profile_24":"https:\/\/generate.focolare.org\/wp-content\/uploads\/2020\/07\/anularse-24x24.png","profile_48":"https:\/\/generate.focolare.org\/wp-content\/uploads\/2020\/07\/anularse-48x48.png","profile_96":"https:\/\/generate.focolare.org\/wp-content\/uploads\/2020\/07\/anularse-96x96.png","profile_150":"https:\/\/generate.focolare.org\/wp-content\/uploads\/2020\/07\/anularse-150x150.png","profile_300":"https:\/\/generate.focolare.org\/wp-content\/uploads\/2020\/07\/anularse-300x300.png"},"related":[80019,79999,285219,80151,19004,131431],"wpml_current_locale":"fr_FR","wpml_translations":[{"locale":"en_US","id":3102,"post_title":"Become Nothing In The Will Of God","href":"https:\/\/generate.focolare.org\/en\/become-nothing-in-the-will-of-god\/"},{"locale":"it_IT","id":3096,"post_title":"Annullarsi nella volont\u00e0 di Dio","href":"https:\/\/generate.focolare.org\/it\/annullarsi-nella-volonta-di-dio\/"},{"locale":"es_ES","id":322479,"post_title":"Anularse en la voluntad de Dios","href":"https:\/\/generate.focolare.org\/es\/anularse-en-la-voluntad-de-dios\/"},{"locale":"pt_PT","id":322545,"post_title":"Anular-se na vontade de Deus","href":"https:\/\/generate.focolare.org\/pt-pt\/anular-se-na-vontade-de-deus\/"},{"locale":"ar","id":279467,"post_title":"\u0645\u0634\u064a\u0626\u0629 \u0627\u0644\u0644\u0647","href":"https:\/\/generate.focolare.org\/ar\/%d9%85%d8%b4%d9%8a%d8%a6%d8%a9-%d8%a7%d9%84%d9%84%d9%87\/"},{"locale":"nl_NL","id":3120,"post_title":"Jezelf tot niets maken in de wil van God","href":"https:\/\/generate.focolare.org\/nl\/jezelf-tot-niets-maken-in-de-wil-van-god\/"},{"locale":"sl_SI","id":3108,"post_title":"Izni\u010diti se v Bo\u017eji volji","href":"https:\/\/generate.focolare.org\/sl\/izniciti-se-v-bozji-volji\/"}],"format":"text","length":"3","restrict_roles":null,"link_to_transcription":null,"source":{"ID":3109,"id":3109,"title":"gen-204-text-fr","filename":"gen-204-text-fr.pdf","filesize":201073,"url":"https:\/\/generate.focolare.org\/wp-content\/uploads\/2020\/06\/gen-204-text-fr.pdf","link":"https:\/\/generate.focolare.org\/fr\/content\/sannuler-dans-la-volonte-de-dieu\/gen-204-text-fr\/","alt":"","author":"1","description":"","caption":"","name":"gen-204-text-fr","status":"inherit","uploaded_to":3114,"date":"2020-06-02 18:24:59","modified":"2020-06-02 18:24:59","menu_order":0,"mime_type":"application\/pdf","type":"application","subtype":"pdf","icon":"https:\/\/generate.focolare.org\/wp-includes\/images\/media\/document.png"},"_links":{"self":[{"href":"https:\/\/generate.focolare.org\/fr\/wp-json\/wp\/v2\/content\/3114","targetHints":{"allow":["GET"]}}],"collection":[{"href":"https:\/\/generate.focolare.org\/fr\/wp-json\/wp\/v2\/content"}],"about":[{"href":"https:\/\/generate.focolare.org\/fr\/wp-json\/wp\/v2\/types\/content"}],"replies":[{"embeddable":true,"href":"https:\/\/generate.focolare.org\/fr\/wp-json\/wp\/v2\/comments?post=3114"}],"wp:featuredmedia":[{"embeddable":true,"href":"https:\/\/generate.focolare.org\/fr\/wp-json\/wp\/v2\/media\/313829"}],"wp:attachment":[{"href":"https:\/\/generate.focolare.org\/fr\/wp-json\/wp\/v2\/media?parent=3114"}],"wp:term":[{"taxonomy":"post_tag","embeddable":true,"href":"https:\/\/generate.focolare.org\/fr\/wp-json\/wp\/v2\/tags?post=3114"},{"taxonomy":"contributor","embeddable":true,"href":"https:\/\/generate.focolare.org\/fr\/wp-json\/wp\/v2\/contributor?post=3114"},{"taxonomy":"location","embeddable":true,"href":"https:\/\/generate.focolare.org\/fr\/wp-json\/wp\/v2\/location?post=3114"},{"taxonomy":"audience","embeddable":true,"href":"https:\/\/generate.focolare.org\/fr\/wp-json\/wp\/v2\/audience?post=3114"}],"curies":[{"name":"wp","href":"https:\/\/api.w.org\/{rel}","templated":true}]}}

S&rsquo;annuler dans la volonté de Dieu

<p>A Eirc, un Gen brésilien  étudiant en ingénierie, Chiara dit: « Je comprends bien que cela te plaise ! Il dit qu&rsquo;il aime ce monde mais, en tant que Gen, nous avons appris à faire les choses comme volonté de Dieu, et non parce que cela nous plaît.»</p>

Annullarsi nella volontà di Dio

مشيئة الله

Izničiti se v Božji volji
