{"id":19787,"date":"2016-09-01","date_gmt":"2020-11-11T04:33:21","guid":{"rendered":"https:\/\/generate.focolare.org\/?post_type=content&#038;p=19787"},"modified":"2021-06-01T17:33:24","modified_gmt":"2021-06-01T16:33:24","slug":"chiara-lubich-aux-gen-2-sur-jesus-abandonne","status":"publish","type":"content","link":"https:\/\/generate.focolare.org\/fr\/content\/chiara-lubich-aux-gen-2-sur-jesus-abandonne\/","title":{"rendered":"Chiara Lubich aux Gen 2 sur J\u00e9sus abandonn\u00e9 (4)"},"excerpt":{"rendered":"<p>1. Montet (Suisse), 14\/08\/1999 \u2013 \u00c9cole Gen \u2013 Notre Id\u00e9al est J\u00e9sus abandonn\u00e9.<br \/>\n2. Castel Gandolfo, 20\/12\/1999 \u2013 Congr\u00e8s Gen \u2013 Porter le cri de J\u00e9sus abandonn\u00e9 jusqu\u2019aux derniers confins de la terre.<br \/>\n3. Montet (Suisse), 14\/08\/2000 \u2013 \u00c9cole Gen \u2013 La r\u00e9ponse \u00e0 tous les \u00ab pourquoi \u00bb.<br \/>\n4. Castel Gandolfo, 19\/12\/2001 \u2013 Congr\u00e8s Gen \u2013 Descendre  pour aimer J\u00e9sus dans le monde.<\/p>\n","protected":false},"featured_media":32040,"comment_status":"closed","ping_status":"closed","template":"","tags":[4364,4344,4392,4451,4908,5085,5276],"contributor":[8558],"location":[8561,11118],"audience":[8557],"class_list":["post-19787","content","type-content","status-publish","has-post-thumbnail","hentry","tag-cri","tag-frontieres","tag-ideal","tag-jesus-abandonne","tag-pourquoi","tag-reponse","tag-terre","contributor-lubich-chiara","location-castel-gandolfo","location-montet-mariapolis-foco","audience-gen-2"],"acf":[],"featured_media_url":{"thumbnail":"https:\/\/generate.focolare.org\/wp-content\/uploads\/2020\/07\/19785-cover-150x150.jpg","medium":"https:\/\/generate.focolare.org\/wp-content\/uploads\/2020\/07\/19785-cover-300x240.jpg","medium_large":"https:\/\/generate.focolare.org\/wp-content\/uploads\/2020\/07\/19785-cover.jpg","large":"https:\/\/generate.focolare.org\/wp-content\/uploads\/2020\/07\/19785-cover.jpg","1536x1536":"https:\/\/generate.focolare.org\/wp-content\/uploads\/2020\/07\/19785-cover.jpg","2048x2048":"https:\/\/generate.focolare.org\/wp-content\/uploads\/2020\/07\/19785-cover.jpg","banner":"https:\/\/generate.focolare.org\/wp-content\/uploads\/2020\/07\/19785-cover.jpg","preview":"https:\/\/generate.focolare.org\/wp-content\/uploads\/2020\/07\/19785-cover-500x400.jpg","profile_24":"https:\/\/generate.focolare.org\/wp-content\/uploads\/2020\/07\/19785-cover.jpg","profile_48":"https:\/\/generate.focolare.org\/wp-content\/uploads\/2020\/07\/19785-cover.jpg","profile_96":"https:\/\/generate.focolare.org\/wp-content\/uploads\/2020\/07\/19785-cover.jpg","profile_150":"https:\/\/generate.focolare.org\/wp-content\/uploads\/2020\/07\/19785-cover.jpg","profile_300":"https:\/\/generate.focolare.org\/wp-content\/uploads\/2020\/07\/19785-cover.jpg"},"related":[20391,20790,19682,1956,80303,18903],"wpml_current_locale":"fr_FR","wpml_translations":[{"locale":"en_US","id":19732,"post_title":"Chiara Lubich to the Gen 2 on Jesus Forsaken (4)","href":"https:\/\/generate.focolare.org\/en\/chiara-lubich-to-the-gen-2-on-jesus-forsaken-5\/"},{"locale":"it_IT","id":19767,"post_title":"Chiara Lubich ai Gen 2 su Ges\u00f9 Abbandonato (4)","href":"https:\/\/generate.focolare.org\/it\/chiara-lubich-ai-gen-2-su-gesu-abbandonato-5\/"},{"locale":"es_ES","id":19785,"post_title":"Chiara Lubich a los Gen 2 sobre Jes\u00fas Abandonado (4)","href":"https:\/\/generate.focolare.org\/es\/chiara-lubich-a-los-gen-2-sobre-jesus-abandonado-5\/"},{"locale":"pt_PT","id":19786,"post_title":"Chiara Lubich aos Gen 2 sobre Jesus Abandonado (4)","href":"https:\/\/generate.focolare.org\/pt-pt\/chiara-lubich-aos-gen-2-sobre-jesus-abandonado-5\/"},{"locale":"ar","id":19790,"post_title":"(4) \u0643\u064a\u0627\u0631\u0627 \u0644\u0648\u0628\u064a\u0643 \u0639\u0644\u0649 \u0627\u0644\u062f\u062c\u0646 2 \u0639\u0646 \u062a\u0631\u0643 \u064a\u0633\u0648\u0639","href":"https:\/\/generate.focolare.org\/ar\/chiara-lubich-to-the-gen-2-on-jesus-forsaken-5-ar\/"},{"locale":"nl_NL","id":19789,"post_title":"Chiara Lubich aan de Gen 2 over de Verlaten Jezus (4)","href":"https:\/\/generate.focolare.org\/nl\/chiara-lubich-aan-de-gen-2-over-de-verlaten-jezus-5\/"},{"locale":"de_DE","id":19788,"post_title":"Chiara Lubich bei den Gen 2 \u00fcber Jesus den Verlassenen (4)","href":"https:\/\/generate.focolare.org\/de\/chiara-lubich-bei-den-gen-2-uber-jesus-den-verlassenen-5\/"},{"locale":"ko_KR","id":19791,"post_title":"2\uc820\ub4e4\uc5d0\uac8c \ud574\uc900 \ubc84\ub9bc\ubc1b\uc73c\uc2e0 \uc608\uc218\ub2d8\uc5d0  \uad00\ud55c  \ub07c\uc544\ub77c \ub8e8\ube45 \ub2f4\ud654 (4)","href":"https:\/\/generate.focolare.org\/ko\/chiara-lubich-to-the-gen-2-on-jesus-forsaken-5-ko\/"},{"locale":"pl_PL","id":19793,"post_title":"Chiara Lubich do Gen 2 o Jezusie opuszczonym (4)","href":"https:\/\/generate.focolare.org\/pl\/chiara-lubich-do-gen-2-o-jezusie-opuszczonym-5\/"},{"locale":"sl_SI","id":19792,"post_title":"Chiara Lubich Gen 2 o zapu\u0161\u010denem Jezusu (4)","href":"https:\/\/generate.focolare.org\/sl\/chiara-lubich-gen-2-o-zapuscenem-jezusu-5\/"}],"format":"video","length":"22","restrict_roles":null,"source":{"ID":19737,"id":19737,"title":"csc-2284m4-video","filename":"csc-2284m4-video.mp4","filesize":366224536,"url":"https:\/\/generate.focolare.org\/wp-content\/uploads\/2020\/07\/csc-2284m4-video.mp4.hsl\/index.m3u8","link":"https:\/\/generate.focolare.org\/fr\/content\/chiara-lubich-aux-gen-2-sur-jesus-abandonne\/csc-2284m4-video-2\/","alt":"","author":"0","description":"","caption":"","name":"csc-2284m4-video-2","status":"inherit","uploaded_to":19787,"date":"2020-07-04 11:44:11","modified":"2020-11-14 18:06:32","menu_order":0,"mime_type":"application\/x-mpegURL","type":"video","subtype":"mp4","icon":"https:\/\/generate.focolare.org\/wp-includes\/images\/media\/video.png","width":640,"height":512},"link_to_transcription":null,"transcriptions":[{"language":"it","file":{"ID":107586,"id":107586,"title":"SCM-VD-20160901-2284M4-it-2","filename":"SCM-VD-20160901-2284M4-it-2.pdf","filesize":128709,"url":"https:\/\/generate.focolare.org\/wp-content\/uploads\/2020\/07\/SCM-VD-20160901-2284M4-it-2.pdf","link":"https:\/\/generate.focolare.org\/fr\/content\/chiara-lubich-aux-gen-2-sur-jesus-abandonne\/scm-vd-20160901-2284m4-it-2-2\/","alt":"","author":"21","description":"","caption":"","name":"scm-vd-20160901-2284m4-it-2-2","status":"inherit","uploaded_to":19787,"date":"2021-03-08 15:44:29","modified":"2021-03-08 15:44:48","menu_order":0,"mime_type":"application\/pdf","type":"application","subtype":"pdf","icon":"https:\/\/generate.focolare.org\/wp-includes\/images\/media\/document.png"}},{"language":"en","file":{"ID":107607,"id":107607,"title":"download-23","filename":"download-23.pdf","filesize":183979,"url":"https:\/\/generate.focolare.org\/wp-content\/uploads\/2020\/07\/download-23.pdf","link":"https:\/\/generate.focolare.org\/fr\/content\/chiara-lubich-aux-gen-2-sur-jesus-abandonne\/download-23-2\/","alt":"","author":"21","description":"","caption":"","name":"download-23-2","status":"inherit","uploaded_to":19787,"date":"2021-03-08 15:50:36","modified":"2021-03-08 15:50:52","menu_order":0,"mime_type":"application\/pdf","type":"application","subtype":"pdf","icon":"https:\/\/generate.focolare.org\/wp-includes\/images\/media\/document.png"}},{"language":"es","file":{"ID":321340,"id":321340,"title":"GMU-G2-Chiara Lubich-Chiara Lubich a los Gen 2 sobre Jes\u00fas Abandonado","filename":"GMU-G2-Chiara-Lubich-Chiara-Lubich-a-los-Gen-2-sobre-Jesus-Abandonado.pdf","filesize":309966,"url":"https:\/\/generate.focolare.org\/wp-content\/uploads\/2020\/10\/GMU-G2-Chiara-Lubich-Chiara-Lubich-a-los-Gen-2-sobre-Jesus-Abandonado.pdf","link":"https:\/\/generate.focolare.org\/fr\/content\/chiara-lubich-aux-gen-2-sur-jesus-abandonne\/gmu-g2-chiara-lubich-chiara-lubich-a-los-gen-2-sobre-jesus-abandonado-3\/","alt":"","author":"2153","description":"","caption":"","name":"gmu-g2-chiara-lubich-chiara-lubich-a-los-gen-2-sobre-jesus-abandonado-3","status":"inherit","uploaded_to":19787,"date":"2025-10-07 11:53:45","modified":"2025-10-07 11:53:45","menu_order":0,"mime_type":"application\/pdf","type":"application","subtype":"pdf","icon":"https:\/\/generate.focolare.org\/wp-includes\/images\/media\/document.png"}},{"language":"ar","file":{"ID":280834,"id":280834,"title":"GMU-G2-Chiara Lubich-Chiara Lubich ai Gen 2 su Ges\u00f9 Abbandonato (4)-20160901-AR","filename":"GMU-G2-Chiara-Lubich-Chiara-Lubich-ai-Gen-2-su-Gesu-Abbandonato-4-20160901-AR.pdf","filesize":403696,"url":"https:\/\/generate.focolare.org\/wp-content\/uploads\/2020\/10\/GMU-G2-Chiara-Lubich-Chiara-Lubich-ai-Gen-2-su-Gesu-Abbandonato-4-20160901-AR.pdf","link":"https:\/\/generate.focolare.org\/fr\/content\/chiara-lubich-aux-gen-2-sur-jesus-abandonne\/gmu-g2-chiara-lubich-chiara-lubich-ai-gen-2-su-gesu-abbandonato-4-20160901-ar-3\/","alt":"","author":"1126","description":"","caption":"","name":"gmu-g2-chiara-lubich-chiara-lubich-ai-gen-2-su-gesu-abbandonato-4-20160901-ar-3","status":"inherit","uploaded_to":19787,"date":"2022-12-01 14:38:21","modified":"2022-12-01 14:38:21","menu_order":0,"mime_type":"application\/pdf","type":"application","subtype":"pdf","icon":"https:\/\/generate.focolare.org\/wp-includes\/images\/media\/document.png"}}],"_links":{"self":[{"href":"https:\/\/generate.focolare.org\/fr\/wp-json\/wp\/v2\/content\/19787","targetHints":{"allow":["GET"]}}],"collection":[{"href":"https:\/\/generate.focolare.org\/fr\/wp-json\/wp\/v2\/content"}],"about":[{"href":"https:\/\/generate.focolare.org\/fr\/wp-json\/wp\/v2\/types\/content"}],"replies":[{"embeddable":true,"href":"https:\/\/generate.focolare.org\/fr\/wp-json\/wp\/v2\/comments?post=19787"}],"wp:featuredmedia":[{"embeddable":true,"href":"https:\/\/generate.focolare.org\/fr\/wp-json\/wp\/v2\/media\/32040"}],"wp:attachment":[{"href":"https:\/\/generate.focolare.org\/fr\/wp-json\/wp\/v2\/media?parent=19787"}],"wp:term":[{"taxonomy":"post_tag","embeddable":true,"href":"https:\/\/generate.focolare.org\/fr\/wp-json\/wp\/v2\/tags?post=19787"},{"taxonomy":"contributor","embeddable":true,"href":"https:\/\/generate.focolare.org\/fr\/wp-json\/wp\/v2\/contributor?post=19787"},{"taxonomy":"location","embeddable":true,"href":"https:\/\/generate.focolare.org\/fr\/wp-json\/wp\/v2\/location?post=19787"},{"taxonomy":"audience","embeddable":true,"href":"https:\/\/generate.focolare.org\/fr\/wp-json\/wp\/v2\/audience?post=19787"}],"curies":[{"name":"wp","href":"https:\/\/api.w.org\/{rel}","templated":true}]}}

Chiara Lubich aux Gen 2 sur Jésus abandonné (4)

<p>1. Montet (Suisse), 14/08/1999 – École Gen – Notre Idéal est Jésus abandonné.<br />
2. Castel Gandolfo, 20/12/1999 – Congrès Gen – Porter le cri de Jésus abandonné jusqu’aux derniers confins de la terre.<br />
3. Montet (Suisse), 14/08/2000 – École Gen – La réponse à tous les « pourquoi ».<br />
4. Castel Gandolfo, 19/12/2001 – Congrès Gen – Descendre  pour aimer Jésus dans le monde.</p>

Chiara Lubich ai Gen 2 su Gesù Abbandonato (4)

Chiara Lubich a los Gen 2 sobre Jesús Abandonado (4)

(4) كيارا لوبيك على الدجن 2 عن ترك يسوع

Chiara Lubich bei den Gen 2 über Jesus den Verlassenen (4)

2젠들에게 해준 버림받으신 예수님에  관한  끼아라 루빅 담화 (4)

Chiara Lubich Gen 2 o zapuščenem Jezusu (4)

GMU-G2-Chiara Lubich-Chiara Lubich a los Gen 2 sobre Jesús Abandonado

GMU-G2-Chiara Lubich-Chiara Lubich ai Gen 2 su Gesù Abbandonato (4)-20160901-AR
