{"id":19682,"date":"1978-04-20","date_gmt":"2020-11-11T04:33:20","guid":{"rendered":"https:\/\/generate.focolare.org\/?post_type=content&#038;p=19682"},"modified":"2021-06-01T17:15:25","modified_gmt":"2021-06-01T16:15:25","slug":"chiara-lubich-aux-gen-2-sur-jesus-abandonne-3","status":"publish","type":"content","link":"https:\/\/generate.focolare.org\/fr\/content\/chiara-lubich-aux-gen-2-sur-jesus-abandonne-3\/","title":{"rendered":"Chiara Lubich aux Gen 2 sur J\u00e9sus abandonn\u00e9 (2)"},"excerpt":{"rendered":"<p>Il y a la croix. J\u00e9sus a dit : \u00ab Celui qui veut venir \u00e0 ma suite, qu&rsquo;il renonce \u00e0 lui-m\u00eame et prenne sa croix. \u00bb Rester fid\u00e8les \u00e0 J\u00e9sus toute la vie, \u00e0 ce qu&rsquo;Il voudra. Le groupe du \u00ab Jusqu&rsquo;au bout \u00bb. <\/p>\n","protected":false},"featured_media":77776,"comment_status":"closed","ping_status":"closed","template":"","tags":[4169,12445,4327,4451,4370,4879],"contributor":[8558],"location":[8566],"audience":[8557],"class_list":["post-19682","content","type-content","status-publish","has-post-thumbnail","hentry","tag-croix","tag-fidele","tag-fidelite","tag-jesus-abandonne","tag-jusquau-bout","tag-pacte","contributor-lubich-chiara","location-rocca-di-papa","audience-gen-2"],"acf":[],"featured_media_url":{"thumbnail":"https:\/\/generate.focolare.org\/wp-content\/uploads\/2020\/11\/19682-cover-150x150.jpg","medium":"https:\/\/generate.focolare.org\/wp-content\/uploads\/2020\/11\/19682-cover-300x240.jpg","medium_large":"https:\/\/generate.focolare.org\/wp-content\/uploads\/2020\/11\/19682-cover.jpg","large":"https:\/\/generate.focolare.org\/wp-content\/uploads\/2020\/11\/19682-cover.jpg","1536x1536":"https:\/\/generate.focolare.org\/wp-content\/uploads\/2020\/11\/19682-cover.jpg","2048x2048":"https:\/\/generate.focolare.org\/wp-content\/uploads\/2020\/11\/19682-cover.jpg","banner":"https:\/\/generate.focolare.org\/wp-content\/uploads\/2020\/11\/19682-cover.jpg","preview":"https:\/\/generate.focolare.org\/wp-content\/uploads\/2020\/11\/19682-cover-500x400.jpg","profile_24":"https:\/\/generate.focolare.org\/wp-content\/uploads\/2020\/11\/19682-cover.jpg","profile_48":"https:\/\/generate.focolare.org\/wp-content\/uploads\/2020\/11\/19682-cover.jpg","profile_96":"https:\/\/generate.focolare.org\/wp-content\/uploads\/2020\/11\/19682-cover.jpg","profile_150":"https:\/\/generate.focolare.org\/wp-content\/uploads\/2020\/11\/19682-cover.jpg","profile_300":"https:\/\/generate.focolare.org\/wp-content\/uploads\/2020\/11\/19682-cover.jpg"},"related":[19787,20391,20790,1956,80303,18903],"wpml_current_locale":"fr_FR","wpml_translations":[{"locale":"en_US","id":19624,"post_title":"Chiara Lubich to the Gen 2 on Jesus Forsaken (2)","href":"https:\/\/generate.focolare.org\/en\/chiara-lubich-to-the-gen-2-on-jesus-forsaken-3\/"},{"locale":"it_IT","id":19659,"post_title":"Chiara Lubich ai Gen 2 su Ges\u00f9 Abbandonato (2)","href":"https:\/\/generate.focolare.org\/it\/chiara-lubich-ai-gen-2-su-gesu-abbandonato-3\/"},{"locale":"es_ES","id":19680,"post_title":"Chiara Lubich a los Gen 2 sobre Jes\u00fas Abandonado (2)","href":"https:\/\/generate.focolare.org\/es\/chiara-lubich-a-los-gen-2-sobre-jesus-abandonado-3\/"},{"locale":"pt_PT","id":19681,"post_title":"Chiara Lubich aos Gen 2 sobre Jesus Abandonado (2)","href":"https:\/\/generate.focolare.org\/pt-pt\/chiara-lubich-aos-gen-2-sobre-jesus-abandonado-3\/"},{"locale":"ar","id":19685,"post_title":"\u0643\u064a\u0627\u0631\u0627 \u0644\u0648\u0628\u064a\u0643 \u0625\u0644\u0649 \u0627\u0644\u062f\u062c\u0646 2 \u062d\u0648\u0644 \u064a\u0633\u0648\u0639 \u0627\u0644\u0645\u062a\u0631\u0648\u0643 (2)","href":"https:\/\/generate.focolare.org\/ar\/chiara-lubich-to-the-gen-2-on-jesus-forsaken-3-ar\/"},{"locale":"nl_NL","id":19684,"post_title":"Chiara Lubich aan de Gen 2 over de verlaten Jezus (2)","href":"https:\/\/generate.focolare.org\/nl\/chiara-lubich-aan-de-gen-2-over-de-verlaten-jezus-3\/"},{"locale":"de_DE","id":19683,"post_title":"Chiara Lubich bei den Gen 2 \u00fcber Jesus den Verlassenen (2)","href":"https:\/\/generate.focolare.org\/de\/chiara-lubich-bei-den-gen-2-uber-jesus-den-verlassenen-3\/"},{"locale":"ko_KR","id":19660,"post_title":"2\uc820\ub4e4\uc5d0\uac8c \ud574\uc900 \ubc84\ub9bc\ubc1b\uc73c\uc2e0 \uc608\uc218\ub2d8\uc5d0  \uad00\ud55c  \ub07c\uc544\ub77c \ub8e8\ube45 \ub2f4\ud654 (2)","href":"https:\/\/generate.focolare.org\/ko\/chiara-lubich-to-the-gen-2-on-jesus-forsaken-3-ko\/"},{"locale":"pl_PL","id":19679,"post_title":"Chiara Lubich do Gen 2 o Jezusie opuszczonym (2)","href":"https:\/\/generate.focolare.org\/pl\/chiara-lubich-do-gen-2-o-jezusie-opuszczonym-3\/"},{"locale":"sl_SI","id":19678,"post_title":"Chiara Lubich Gen 2 o zapu\u0161\u010denem Jezusu (2)","href":"https:\/\/generate.focolare.org\/sl\/chiara-lubich-gen-2-o-zapuscenem-jezusu-3\/"}],"format":"video","transcriptions":null,"length":"9","restrict_roles":null,"source":{"ID":19629,"id":19629,"title":"csc-2284m2-video","filename":"csc-2284m2-video.mp4","filesize":145354217,"url":"https:\/\/generate.focolare.org\/wp-content\/uploads\/2020\/07\/csc-2284m2-video.mp4.hsl\/index.m3u8","link":"https:\/\/generate.focolare.org\/fr\/content\/chiara-lubich-aux-gen-2-sur-jesus-abandonne-3\/csc-2284m2-video-2\/","alt":"","author":"0","description":"","caption":"","name":"csc-2284m2-video-2","status":"inherit","uploaded_to":19682,"date":"2020-07-04 11:43:32","modified":"2020-11-14 18:11:45","menu_order":0,"mime_type":"application\/x-mpegURL","type":"video","subtype":"mp4","icon":"https:\/\/generate.focolare.org\/wp-includes\/images\/media\/video.png","width":720,"height":576},"link_to_transcription":null,"_links":{"self":[{"href":"https:\/\/generate.focolare.org\/fr\/wp-json\/wp\/v2\/content\/19682","targetHints":{"allow":["GET"]}}],"collection":[{"href":"https:\/\/generate.focolare.org\/fr\/wp-json\/wp\/v2\/content"}],"about":[{"href":"https:\/\/generate.focolare.org\/fr\/wp-json\/wp\/v2\/types\/content"}],"replies":[{"embeddable":true,"href":"https:\/\/generate.focolare.org\/fr\/wp-json\/wp\/v2\/comments?post=19682"}],"wp:featuredmedia":[{"embeddable":true,"href":"https:\/\/generate.focolare.org\/fr\/wp-json\/wp\/v2\/media\/77776"}],"wp:attachment":[{"href":"https:\/\/generate.focolare.org\/fr\/wp-json\/wp\/v2\/media?parent=19682"}],"wp:term":[{"taxonomy":"post_tag","embeddable":true,"href":"https:\/\/generate.focolare.org\/fr\/wp-json\/wp\/v2\/tags?post=19682"},{"taxonomy":"contributor","embeddable":true,"href":"https:\/\/generate.focolare.org\/fr\/wp-json\/wp\/v2\/contributor?post=19682"},{"taxonomy":"location","embeddable":true,"href":"https:\/\/generate.focolare.org\/fr\/wp-json\/wp\/v2\/location?post=19682"},{"taxonomy":"audience","embeddable":true,"href":"https:\/\/generate.focolare.org\/fr\/wp-json\/wp\/v2\/audience?post=19682"}],"curies":[{"name":"wp","href":"https:\/\/api.w.org\/{rel}","templated":true}]}}

Chiara Lubich aux Gen 2 sur Jésus abandonné (2)

<p>Il y a la croix. Jésus a dit : « Celui qui veut venir à ma suite, qu&rsquo;il renonce à lui-même et prenne sa croix. » Rester fidèles à Jésus toute la vie, à ce qu&rsquo;Il voudra. Le groupe du « Jusqu&rsquo;au bout ». </p>

Chiara Lubich ai Gen 2 su Gesù Abbandonato (2)

Chiara Lubich a los Gen 2 sobre Jesús Abandonado (2)

كيارا لوبيك إلى الدجن 2 حول يسوع المتروك (2)

Chiara Lubich bei den Gen 2 über Jesus den Verlassenen (2)

2젠들에게 해준 버림받으신 예수님에  관한  끼아라 루빅 담화 (2)

Chiara Lubich Gen 2 o zapuščenem Jezusu (2)
