{"id":116405,"date":"2021-03-26","date_gmt":"2021-09-06T08:28:10","guid":{"rendered":"https:\/\/generate.focolare.org\/?post_type=content&#038;p=116405"},"modified":"2025-10-30T14:01:57","modified_gmt":"2025-10-30T13:01:57","slug":"__trashed","status":"publish","type":"content","link":"https:\/\/generate.focolare.org\/fr\/content\/__trashed\/","title":{"rendered":"Chiara sur la saintet\u00e9 collective"},"excerpt":{"rendered":"<p>Comment vivre l&rsquo;\u00e9quilibre entre la saintet\u00e9 collective et la saintet\u00e9 personnelle ? \u00ab\u00a0Ce n&rsquo;est pas que je trouve un \u00e9quilibre entre une chose et l&rsquo;autre&#8230;\u00a0\u00bb. Dans l&rsquo;id\u00e9al de l&rsquo;unit\u00e9, l&rsquo;un d\u00e9pend de l&rsquo;autre. Existe-t-il un lien entre JA et la spiritualit\u00e9 collective ? \u00a0\u00bb Il y a une relation tr\u00e8s \u00e9troite \u00ab\u00a0, r\u00e9pond Chiara, \u00a0\u00bb il n&rsquo;y a pas de spiritualit\u00e9 collective&#8230; si on n&rsquo;aime pas J\u00e9sus Abandonn\u00e9 \u00ab\u00a0. Et elle explique comment on aime JA en vivant les diff\u00e9rents instruments de la spiritualit\u00e9 collective.<\/p>\n","protected":false},"featured_media":322677,"comment_status":"closed","ping_status":"closed","template":"","tags":[18860,4230,4150,18861,12051,4447,5120,18862,18863,4301,18864,5318,18865],"contributor":[8558],"location":[8592,11118],"audience":[8557,18869],"class_list":["post-116405","content","type-content","status-publish","has-post-thumbnail","hentry","tag-2021-fr","tag-arc-en-ciel","tag-collective","tag-congres-fr","tag-jeunes-pour-un-monde-uni","tag-jpmu","tag-saintete","tag-secretariat-fr","tag-secretariat-jpmu","tag-spiritualite-collective","tag-ua-sjpmu2021","tag-unite","tag-unite-arc-en-ciel","contributor-lubich-chiara","location-loppiano-mariapolis-renata","location-montet-mariapolis-foco","audience-gen-2","audience-secretariat-jpmu"],"acf":[],"featured_media_url":{"thumbnail":"https:\/\/generate.focolare.org\/wp-content\/uploads\/2021\/04\/1-150x150.png","medium":"https:\/\/generate.focolare.org\/wp-content\/uploads\/2021\/04\/1-300x240.png","medium_large":"https:\/\/generate.focolare.org\/wp-content\/uploads\/2021\/04\/1.png","large":"https:\/\/generate.focolare.org\/wp-content\/uploads\/2021\/04\/1.png","1536x1536":"https:\/\/generate.focolare.org\/wp-content\/uploads\/2021\/04\/1.png","2048x2048":"https:\/\/generate.focolare.org\/wp-content\/uploads\/2021\/04\/1.png","banner":"https:\/\/generate.focolare.org\/wp-content\/uploads\/2021\/04\/1.png","preview":"https:\/\/generate.focolare.org\/wp-content\/uploads\/2021\/04\/1-500x400.png","profile_24":"https:\/\/generate.focolare.org\/wp-content\/uploads\/2021\/04\/1-24x24.png","profile_48":"https:\/\/generate.focolare.org\/wp-content\/uploads\/2021\/04\/1-48x48.png","profile_96":"https:\/\/generate.focolare.org\/wp-content\/uploads\/2021\/04\/1-96x96.png","profile_150":"https:\/\/generate.focolare.org\/wp-content\/uploads\/2021\/04\/1-150x150.png","profile_300":"https:\/\/generate.focolare.org\/wp-content\/uploads\/2021\/04\/1-300x300.png"},"related":[122411,80056,80303,120850,80079,320084],"wpml_current_locale":"fr_FR","wpml_translations":[{"locale":"en_US","id":110617,"post_title":"Chiara on Collective Sanctity","href":"https:\/\/generate.focolare.org\/en\/chiara-on-collective-spritituality\/"},{"locale":"it_IT","id":110511,"post_title":"Chiara Sulla Santit\u00e0 Collettiva","href":"https:\/\/generate.focolare.org\/it\/chiara-sulla-santita-collettiva\/"},{"locale":"es_ES","id":110618,"post_title":"Chiara sobre la Santidad Colectiva","href":"https:\/\/generate.focolare.org\/es\/chiara-sobre-la-espiritualidad-colectiva\/"},{"locale":"pt_PT","id":112428,"post_title":"Chiara sobre a Santidade Coletiva","href":"https:\/\/generate.focolare.org\/pt-pt\/chiara-sobre-a-santidade-coletiva\/"},{"locale":"pl_PL","id":112765,"post_title":"Chiara o \u015bwi\u0119to\u015bci wsp\u00f3lnotowej","href":"https:\/\/generate.focolare.org\/pl\/chiara-o-swietosci-wspolnotowej\/"},{"locale":"sk_SK","id":112719,"post_title":"Chiara o kolekt\u00edvnej sv\u00e4tosti","href":"https:\/\/generate.focolare.org\/sk\/chiara-o-kolektivnej-svatosti\/"},{"locale":"ro_RO","id":112769,"post_title":"Chiara despre Sfin\u021benia colectiv\u0103","href":"https:\/\/generate.focolare.org\/ro\/chiara-despre-sfintenia-colectiva\/"}],"format":"video","link_to_transcription":true,"restrict_roles":null,"length":"6","transcriptions":[{"language":"en","file":{"ID":110541,"id":110541,"title":"GMU-G2-Chiara sulla santit\u00e0 collettiva_20210326 EN","filename":"GMU-G2-Chiara-sulla-santita-collettiva_20210326-EN.pdf","filesize":193849,"url":"https:\/\/generate.focolare.org\/wp-content\/uploads\/2021\/04\/GMU-G2-Chiara-sulla-santita-collettiva_20210326-EN.pdf","link":"https:\/\/generate.focolare.org\/fr\/content\/__trashed\/gmu-g2-chiara-sulla-santita-collettiva_20210326-en-2\/","alt":"","author":"21","description":"","caption":"","name":"gmu-g2-chiara-sulla-santita-collettiva_20210326-en-2","status":"inherit","uploaded_to":116405,"date":"2021-04-22 16:33:34","modified":"2021-06-07 13:34:57","menu_order":0,"mime_type":"application\/pdf","type":"application","subtype":"pdf","icon":"https:\/\/generate.focolare.org\/wp-includes\/images\/media\/document.png"}},{"language":"es","file":{"ID":110562,"id":110562,"title":"GMU-G2-Chiara sulla santit\u00e0 collettiva_20210326 ES","filename":"GMU-G2-Chiara-sulla-santita-collettiva_20210326-ES.pdf","filesize":159575,"url":"https:\/\/generate.focolare.org\/wp-content\/uploads\/2021\/04\/GMU-G2-Chiara-sulla-santita-collettiva_20210326-ES.pdf","link":"https:\/\/generate.focolare.org\/fr\/content\/__trashed\/gmu-g2-chiara-sulla-santita-collettiva_20210326-es-2\/","alt":"","author":"21","description":"","caption":"","name":"gmu-g2-chiara-sulla-santita-collettiva_20210326-es-2","status":"inherit","uploaded_to":116405,"date":"2021-04-22 16:33:44","modified":"2021-06-07 13:34:57","menu_order":0,"mime_type":"application\/pdf","type":"application","subtype":"pdf","icon":"https:\/\/generate.focolare.org\/wp-includes\/images\/media\/document.png"}},{"language":"it","file":{"ID":110583,"id":110583,"title":"GMU-G2-Chiara sulla santit\u00e0 collettiva_20210326 IT","filename":"GMU-G2-Chiara-sulla-santita-collettiva_20210326-IT.pdf","filesize":181647,"url":"https:\/\/generate.focolare.org\/wp-content\/uploads\/2021\/04\/GMU-G2-Chiara-sulla-santita-collettiva_20210326-IT.pdf","link":"https:\/\/generate.focolare.org\/fr\/content\/__trashed\/gmu-g2-chiara-sulla-santita-collettiva_20210326-it-2\/","alt":"","author":"21","description":"","caption":"","name":"gmu-g2-chiara-sulla-santita-collettiva_20210326-it-2","status":"inherit","uploaded_to":116405,"date":"2021-04-22 16:33:50","modified":"2021-06-07 13:34:57","menu_order":0,"mime_type":"application\/pdf","type":"application","subtype":"pdf","icon":"https:\/\/generate.focolare.org\/wp-includes\/images\/media\/document.png"}},{"language":"ar","file":{"ID":111214,"id":111214,"title":"GMU-G2-Chiara_Sulla Santit\u00e0 Collettiva_a20210326 - AR","filename":"GMU-G2-Chiara_Sulla-Santita-Collettiva_a20210326-AR.pdf","filesize":233778,"url":"https:\/\/generate.focolare.org\/wp-content\/uploads\/2021\/04\/GMU-G2-Chiara_Sulla-Santita-Collettiva_a20210326-AR.pdf","link":"https:\/\/generate.focolare.org\/fr\/content\/__trashed\/gmu-g2-chiara_sulla-santita-collettiva_a20210326-ar-2\/","alt":"","author":"21","description":"","caption":"","name":"gmu-g2-chiara_sulla-santita-collettiva_a20210326-ar-2","status":"inherit","uploaded_to":116405,"date":"2021-04-28 10:27:38","modified":"2021-06-07 13:34:58","menu_order":0,"mime_type":"application\/pdf","type":"application","subtype":"pdf","icon":"https:\/\/generate.focolare.org\/wp-includes\/images\/media\/document.png"}},{"language":"sk","file":{"ID":111235,"id":111235,"title":"GMU-G2-Chiara_Sulla_santit\u00e0_collettiva__20210326_-_slovacco","filename":"GMU-G2-Chiara_Sulla_santita_collettiva__20210326_-_slovacco.pdf","filesize":257843,"url":"https:\/\/generate.focolare.org\/wp-content\/uploads\/2021\/04\/GMU-G2-Chiara_Sulla_santita_collettiva__20210326_-_slovacco.pdf","link":"https:\/\/generate.focolare.org\/fr\/content\/__trashed\/gmu-g2-chiara_sulla_santita_collettiva__20210326_-_slovacco-2-2\/","alt":"","author":"21","description":"","caption":"","name":"gmu-g2-chiara_sulla_santita_collettiva__20210326_-_slovacco-2-2","status":"inherit","uploaded_to":116405,"date":"2021-04-28 10:27:42","modified":"2021-06-07 13:34:58","menu_order":0,"mime_type":"application\/pdf","type":"application","subtype":"pdf","icon":"https:\/\/generate.focolare.org\/wp-includes\/images\/media\/document.png"}},{"language":"ro","file":{"ID":111256,"id":111256,"title":"GMU-G2-Chiara_Sulla_santit\u00e0_collettiva_20210326_-_rumeno","filename":"GMU-G2-Chiara_Sulla_santita_collettiva_20210326_-_rumeno.pdf","filesize":182052,"url":"https:\/\/generate.focolare.org\/wp-content\/uploads\/2021\/04\/GMU-G2-Chiara_Sulla_santita_collettiva_20210326_-_rumeno.pdf","link":"https:\/\/generate.focolare.org\/fr\/content\/__trashed\/gmu-g2-chiara_sulla_santita_collettiva_20210326_-_rumeno-2\/","alt":"","author":"21","description":"","caption":"","name":"gmu-g2-chiara_sulla_santita_collettiva_20210326_-_rumeno-2","status":"inherit","uploaded_to":116405,"date":"2021-04-28 10:27:45","modified":"2021-06-07 13:34:58","menu_order":0,"mime_type":"application\/pdf","type":"application","subtype":"pdf","icon":"https:\/\/generate.focolare.org\/wp-includes\/images\/media\/document.png"}},{"language":"pt-pt","file":{"ID":111277,"id":111277,"title":"GMU-G2-Chiara_Sulla_santit\u00e0_collettiva_20210326_-pt","filename":"GMU-G2-Chiara_Sulla_santita_collettiva_20210326_-pt.pdf","filesize":232132,"url":"https:\/\/generate.focolare.org\/wp-content\/uploads\/2021\/04\/GMU-G2-Chiara_Sulla_santita_collettiva_20210326_-pt.pdf","link":"https:\/\/generate.focolare.org\/fr\/content\/__trashed\/gmu-g2-chiara_sulla_santita_collettiva_20210326_-pt-2\/","alt":"","author":"21","description":"","caption":"","name":"gmu-g2-chiara_sulla_santita_collettiva_20210326_-pt-2","status":"inherit","uploaded_to":116405,"date":"2021-04-28 10:27:49","modified":"2021-06-07 13:34:58","menu_order":0,"mime_type":"application\/pdf","type":"application","subtype":"pdf","icon":"https:\/\/generate.focolare.org\/wp-includes\/images\/media\/document.png"}},{"language":"hr","file":{"ID":111298,"id":111298,"title":"GMU-G2-Chiara_Sulla_santit\u00e0_collettiva_20210326-_croato","filename":"GMU-G2-Chiara_Sulla_santita_collettiva_20210326-_croato.pdf","filesize":234306,"url":"https:\/\/generate.focolare.org\/wp-content\/uploads\/2021\/04\/GMU-G2-Chiara_Sulla_santita_collettiva_20210326-_croato.pdf","link":"https:\/\/generate.focolare.org\/fr\/content\/__trashed\/gmu-g2-chiara_sulla_santita_collettiva_20210326-_croato-2\/","alt":"","author":"21","description":"","caption":"","name":"gmu-g2-chiara_sulla_santita_collettiva_20210326-_croato-2","status":"inherit","uploaded_to":116405,"date":"2021-04-28 10:27:51","modified":"2021-06-07 13:34:58","menu_order":0,"mime_type":"application\/pdf","type":"application","subtype":"pdf","icon":"https:\/\/generate.focolare.org\/wp-includes\/images\/media\/document.png"}},{"language":"pl","file":{"ID":111319,"id":111319,"title":"GMU-G2-Chiara_Sulla_santit\u00e0_collettiva_20210326-_polacco","filename":"GMU-G2-Chiara_Sulla_santita_collettiva_20210326-_polacco.pdf","filesize":223008,"url":"https:\/\/generate.focolare.org\/wp-content\/uploads\/2021\/04\/GMU-G2-Chiara_Sulla_santita_collettiva_20210326-_polacco.pdf","link":"https:\/\/generate.focolare.org\/fr\/content\/__trashed\/gmu-g2-chiara_sulla_santita_collettiva_20210326-_polacco-2\/","alt":"","author":"21","description":"","caption":"","name":"gmu-g2-chiara_sulla_santita_collettiva_20210326-_polacco-2","status":"inherit","uploaded_to":116405,"date":"2021-04-28 10:27:54","modified":"2021-06-07 13:34:58","menu_order":0,"mime_type":"application\/pdf","type":"application","subtype":"pdf","icon":"https:\/\/generate.focolare.org\/wp-includes\/images\/media\/document.png"}},{"language":"fr","file":{"ID":119324,"id":119324,"title":"GMU-G2-Chiara-sulla-santita-collettiva_20210326-FR","filename":"GMU-G2-Chiara-sulla-santita-collettiva_20210326-FR.pdf","filesize":591158,"url":"https:\/\/generate.focolare.org\/wp-content\/uploads\/2021\/04\/GMU-G2-Chiara-sulla-santita-collettiva_20210326-FR.pdf","link":"https:\/\/generate.focolare.org\/fr\/content\/__trashed\/gmu-g2-chiara-sulla-santita-collettiva_20210326-fr-2\/","alt":"","author":"38","description":"","caption":"","name":"gmu-g2-chiara-sulla-santita-collettiva_20210326-fr-2","status":"inherit","uploaded_to":116405,"date":"2021-09-08 08:56:53","modified":"2021-09-08 08:56:53","menu_order":0,"mime_type":"application\/pdf","type":"application","subtype":"pdf","icon":"https:\/\/generate.focolare.org\/wp-includes\/images\/media\/document.png"}}],"source":{"ID":110520,"id":110520,"title":"2-1. Santit\u00e0 Collettiva","filename":"2-1.-Santita-Collettiva.mp4","filesize":467454585,"url":"https:\/\/generate.focolare.org\/wp-content\/uploads\/2021\/04\/2-1.-Santita-Collettiva.mp4","link":"https:\/\/generate.focolare.org\/fr\/content\/__trashed\/2-1-santita-collettiva-2\/","alt":"","author":"21","description":"","caption":"","name":"2-1-santita-collettiva-2","status":"inherit","uploaded_to":116405,"date":"2021-04-22 16:31:12","modified":"2021-06-07 13:34:57","menu_order":0,"mime_type":"video\/mp4","type":"video","subtype":"mp4","icon":"https:\/\/generate.focolare.org\/wp-includes\/images\/media\/video.png","width":1280,"height":720},"_links":{"self":[{"href":"https:\/\/generate.focolare.org\/fr\/wp-json\/wp\/v2\/content\/116405","targetHints":{"allow":["GET"]}}],"collection":[{"href":"https:\/\/generate.focolare.org\/fr\/wp-json\/wp\/v2\/content"}],"about":[{"href":"https:\/\/generate.focolare.org\/fr\/wp-json\/wp\/v2\/types\/content"}],"replies":[{"embeddable":true,"href":"https:\/\/generate.focolare.org\/fr\/wp-json\/wp\/v2\/comments?post=116405"}],"wp:featuredmedia":[{"embeddable":true,"href":"https:\/\/generate.focolare.org\/fr\/wp-json\/wp\/v2\/media\/322677"}],"wp:attachment":[{"href":"https:\/\/generate.focolare.org\/fr\/wp-json\/wp\/v2\/media?parent=116405"}],"wp:term":[{"taxonomy":"post_tag","embeddable":true,"href":"https:\/\/generate.focolare.org\/fr\/wp-json\/wp\/v2\/tags?post=116405"},{"taxonomy":"contributor","embeddable":true,"href":"https:\/\/generate.focolare.org\/fr\/wp-json\/wp\/v2\/contributor?post=116405"},{"taxonomy":"location","embeddable":true,"href":"https:\/\/generate.focolare.org\/fr\/wp-json\/wp\/v2\/location?post=116405"},{"taxonomy":"audience","embeddable":true,"href":"https:\/\/generate.focolare.org\/fr\/wp-json\/wp\/v2\/audience?post=116405"}],"curies":[{"name":"wp","href":"https:\/\/api.w.org\/{rel}","templated":true}]}}

Chiara sur la sainteté collective

<p>Comment vivre l&rsquo;équilibre entre la sainteté collective et la sainteté personnelle ? « Ce n&rsquo;est pas que je trouve un équilibre entre une chose et l&rsquo;autre&#8230; ». Dans l&rsquo;idéal de l&rsquo;unité, l&rsquo;un dépend de l&rsquo;autre. Existe-t-il un lien entre JA et la spiritualité collective ?  » Il y a une relation très étroite « , répond Chiara,  » il n&rsquo;y a pas de spiritualité collective&#8230; si on n&rsquo;aime pas Jésus Abandonné « . Et elle explique comment on aime JA en vivant les différents instruments de la spiritualité collective.</p>

Chiara Sulla Santità Collettiva

Chiara o świętości wspólnotowej

Chiara o kolektívnej svätosti

Chiara despre Sfințenia colectivă

GMU-G2-Chiara sulla santità collettiva_20210326 EN

GMU-G2-Chiara sulla santità collettiva_20210326 ES

GMU-G2-Chiara sulla santità collettiva_20210326 IT

GMU-G2-Chiara_Sulla Santità Collettiva_a20210326 - AR

GMU-G2-Chiara_Sulla_santità_collettiva__20210326_-_slovacco

GMU-G2-Chiara_Sulla_santità_collettiva_20210326_-_rumeno

GMU-G2-Chiara_Sulla_santità_collettiva_20210326_-pt

GMU-G2-Chiara_Sulla_santità_collettiva_20210326-_croato

GMU-G2-Chiara_Sulla_santità_collettiva_20210326-_polacco

2-1. Santità Collettiva
